{"id":405,"date":"2024-07-18T20:07:23","date_gmt":"2024-07-18T18:07:23","guid":{"rendered":"https:\/\/kolleranna.hu\/?page_id=405"},"modified":"2025-10-15T11:38:49","modified_gmt":"2025-10-15T09:38:49","slug":"szalon","status":"publish","type":"page","link":"https:\/\/kolleranna.hu\/?page_id=405","title":{"rendered":"Szalon"},"content":{"rendered":"\n<figure class=\"wp-block-image size-full is-resized\"><img loading=\"lazy\" decoding=\"async\" width=\"738\" height=\"922\" src=\"https:\/\/kolleranna.hu\/wp-content\/uploads\/2025\/10\/6.jpg\" alt=\"\" class=\"wp-image-570\" style=\"width:840px;height:auto\" srcset=\"https:\/\/kolleranna.hu\/wp-content\/uploads\/2025\/10\/6.jpg 738w, https:\/\/kolleranna.hu\/wp-content\/uploads\/2025\/10\/6-240x300.jpg 240w\" sizes=\"auto, (max-width: 738px) 100vw, 738px\" \/><\/figure>\n\n\n\n<p><\/p>\n\n\n\n<figure class=\"wp-block-image size-large is-resized\"><img loading=\"lazy\" decoding=\"async\" width=\"1024\" height=\"768\" src=\"https:\/\/kolleranna.hu\/wp-content\/uploads\/2024\/07\/szalon1-1024x768.jpg\" alt=\"\" class=\"wp-image-408\" style=\"width:764px;height:auto\" srcset=\"https:\/\/kolleranna.hu\/wp-content\/uploads\/2024\/07\/szalon1-1024x768.jpg 1024w, https:\/\/kolleranna.hu\/wp-content\/uploads\/2024\/07\/szalon1-300x225.jpg 300w, https:\/\/kolleranna.hu\/wp-content\/uploads\/2024\/07\/szalon1-768x576.jpg 768w, https:\/\/kolleranna.hu\/wp-content\/uploads\/2024\/07\/szalon1-1536x1152.jpg 1536w, https:\/\/kolleranna.hu\/wp-content\/uploads\/2024\/07\/szalon1-2048x1536.jpg 2048w, https:\/\/kolleranna.hu\/wp-content\/uploads\/2024\/07\/szalon1-1140x855.jpg 1140w\" sizes=\"auto, (max-width: 1024px) 100vw, 1024px\" \/><\/figure>\n\n\n\n<p><\/p>\n\n\n\n<p><\/p>\n\n\n\n<figure class=\"wp-block-image size-full is-resized\"><img loading=\"lazy\" decoding=\"async\" width=\"874\" height=\"922\" src=\"https:\/\/kolleranna.hu\/wp-content\/uploads\/2025\/10\/12.jpg\" alt=\"\" class=\"wp-image-568\" style=\"width:757px;height:auto\" srcset=\"https:\/\/kolleranna.hu\/wp-content\/uploads\/2025\/10\/12.jpg 874w, https:\/\/kolleranna.hu\/wp-content\/uploads\/2025\/10\/12-284x300.jpg 284w, https:\/\/kolleranna.hu\/wp-content\/uploads\/2025\/10\/12-768x810.jpg 768w\" sizes=\"auto, (max-width: 874px) 100vw, 874px\" \/><\/figure>\n\n\n\n<p><\/p>\n\n\n\n<figure class=\"wp-block-image size-large is-resized\"><img loading=\"lazy\" decoding=\"async\" width=\"1024\" height=\"768\" src=\"https:\/\/kolleranna.hu\/wp-content\/uploads\/2024\/07\/szalon2-1024x768.jpg\" alt=\"\" class=\"wp-image-407\" style=\"width:759px;height:auto\" srcset=\"https:\/\/kolleranna.hu\/wp-content\/uploads\/2024\/07\/szalon2-1024x768.jpg 1024w, https:\/\/kolleranna.hu\/wp-content\/uploads\/2024\/07\/szalon2-300x225.jpg 300w, https:\/\/kolleranna.hu\/wp-content\/uploads\/2024\/07\/szalon2-768x576.jpg 768w, https:\/\/kolleranna.hu\/wp-content\/uploads\/2024\/07\/szalon2-1536x1152.jpg 1536w, https:\/\/kolleranna.hu\/wp-content\/uploads\/2024\/07\/szalon2-2048x1536.jpg 2048w, https:\/\/kolleranna.hu\/wp-content\/uploads\/2024\/07\/szalon2-1140x855.jpg 1140w\" sizes=\"auto, (max-width: 1024px) 100vw, 1024px\" \/><\/figure>\n\n\n\n<p><\/p>\n\n\n\n<figure class=\"wp-block-image size-large is-resized\"><img loading=\"lazy\" decoding=\"async\" width=\"1024\" height=\"502\" src=\"http:\/\/kolleranna.hu\/wp-content\/uploads\/2024\/07\/r20240717_122332-1-1024x502.jpg\" alt=\"\" class=\"wp-image-400\" style=\"width:767px;height:auto\" srcset=\"https:\/\/kolleranna.hu\/wp-content\/uploads\/2024\/07\/r20240717_122332-1-1024x502.jpg 1024w, https:\/\/kolleranna.hu\/wp-content\/uploads\/2024\/07\/r20240717_122332-1-300x147.jpg 300w, https:\/\/kolleranna.hu\/wp-content\/uploads\/2024\/07\/r20240717_122332-1-768x377.jpg 768w, https:\/\/kolleranna.hu\/wp-content\/uploads\/2024\/07\/r20240717_122332-1-1536x753.jpg 1536w, https:\/\/kolleranna.hu\/wp-content\/uploads\/2024\/07\/r20240717_122332-1-2048x1005.jpg 2048w, https:\/\/kolleranna.hu\/wp-content\/uploads\/2024\/07\/r20240717_122332-1-1140x559.jpg 1140w\" sizes=\"auto, (max-width: 1024px) 100vw, 1024px\" \/><\/figure>\n","protected":false},"excerpt":{"rendered":"","protected":false},"author":1,"featured_media":0,"parent":0,"menu_order":0,"comment_status":"closed","ping_status":"closed","template":"","meta":{"footnotes":""},"class_list":["post-405","page","type-page","status-publish","hentry"],"yoast_head":"<!-- This site is optimized with the Yoast SEO plugin v23.9 - https:\/\/yoast.com\/wordpress\/plugins\/seo\/ -->\n<title>Szalon - kolleranna.hu<\/title>\n<meta name=\"robots\" content=\"index, follow, max-snippet:-1, max-image-preview:large, max-video-preview:-1\" \/>\n<link rel=\"canonical\" href=\"https:\/\/kolleranna.hu\/?page_id=405\" \/>\n<meta property=\"og:locale\" content=\"hu_HU\" \/>\n<meta property=\"og:type\" content=\"article\" \/>\n<meta property=\"og:title\" content=\"Szalon - kolleranna.hu\" \/>\n<meta property=\"og:url\" content=\"https:\/\/kolleranna.hu\/?page_id=405\" \/>\n<meta property=\"og:site_name\" content=\"kolleranna.hu\" \/>\n<meta property=\"article:modified_time\" content=\"2025-10-15T09:38:49+00:00\" \/>\n<meta property=\"og:image\" content=\"https:\/\/kolleranna.hu\/wp-content\/uploads\/2025\/10\/6.jpg\" \/>\n\t<meta property=\"og:image:width\" content=\"738\" \/>\n\t<meta property=\"og:image:height\" content=\"922\" \/>\n\t<meta property=\"og:image:type\" content=\"image\/jpeg\" \/>\n<meta name=\"twitter:card\" content=\"summary_large_image\" \/>\n<meta name=\"twitter:label1\" content=\"Becs\u00fclt olvas\u00e1si id\u0151\" \/>\n\t<meta name=\"twitter:data1\" content=\"1 perc\" \/>\n<script type=\"application\/ld+json\" class=\"yoast-schema-graph\">{\"@context\":\"https:\/\/schema.org\",\"@graph\":[{\"@type\":\"WebPage\",\"@id\":\"https:\/\/kolleranna.hu\/?page_id=405\",\"url\":\"https:\/\/kolleranna.hu\/?page_id=405\",\"name\":\"Szalon - kolleranna.hu\",\"isPartOf\":{\"@id\":\"https:\/\/kolleranna.hu\/#website\"},\"primaryImageOfPage\":{\"@id\":\"https:\/\/kolleranna.hu\/?page_id=405#primaryimage\"},\"image\":{\"@id\":\"https:\/\/kolleranna.hu\/?page_id=405#primaryimage\"},\"thumbnailUrl\":\"https:\/\/kolleranna.hu\/wp-content\/uploads\/2025\/10\/6.jpg\",\"datePublished\":\"2024-07-18T18:07:23+00:00\",\"dateModified\":\"2025-10-15T09:38:49+00:00\",\"breadcrumb\":{\"@id\":\"https:\/\/kolleranna.hu\/?page_id=405#breadcrumb\"},\"inLanguage\":\"hu\",\"potentialAction\":[{\"@type\":\"ReadAction\",\"target\":[\"https:\/\/kolleranna.hu\/?page_id=405\"]}]},{\"@type\":\"ImageObject\",\"inLanguage\":\"hu\",\"@id\":\"https:\/\/kolleranna.hu\/?page_id=405#primaryimage\",\"url\":\"https:\/\/kolleranna.hu\/wp-content\/uploads\/2025\/10\/6.jpg\",\"contentUrl\":\"https:\/\/kolleranna.hu\/wp-content\/uploads\/2025\/10\/6.jpg\",\"width\":738,\"height\":922},{\"@type\":\"BreadcrumbList\",\"@id\":\"https:\/\/kolleranna.hu\/?page_id=405#breadcrumb\",\"itemListElement\":[{\"@type\":\"ListItem\",\"position\":1,\"name\":\"Kezd\u0151lap\",\"item\":\"https:\/\/kolleranna.hu\/\"},{\"@type\":\"ListItem\",\"position\":2,\"name\":\"Szalon\"}]},{\"@type\":\"WebSite\",\"@id\":\"https:\/\/kolleranna.hu\/#website\",\"url\":\"https:\/\/kolleranna.hu\/\",\"name\":\"kolleranna.hu\",\"description\":\"kozmetikus\",\"publisher\":{\"@id\":\"https:\/\/kolleranna.hu\/#organization\"},\"potentialAction\":[{\"@type\":\"SearchAction\",\"target\":{\"@type\":\"EntryPoint\",\"urlTemplate\":\"https:\/\/kolleranna.hu\/?s={search_term_string}\"},\"query-input\":{\"@type\":\"PropertyValueSpecification\",\"valueRequired\":true,\"valueName\":\"search_term_string\"}}],\"inLanguage\":\"hu\"},{\"@type\":\"Organization\",\"@id\":\"https:\/\/kolleranna.hu\/#organization\",\"name\":\"kolleranna\",\"url\":\"https:\/\/kolleranna.hu\/\",\"logo\":{\"@type\":\"ImageObject\",\"inLanguage\":\"hu\",\"@id\":\"https:\/\/kolleranna.hu\/#\/schema\/logo\/image\/\",\"url\":\"https:\/\/kolleranna.hu\/wp-content\/uploads\/2024\/05\/cropped-Nevtelenlogo.png\",\"contentUrl\":\"https:\/\/kolleranna.hu\/wp-content\/uploads\/2024\/05\/cropped-Nevtelenlogo.png\",\"width\":548,\"height\":129,\"caption\":\"kolleranna\"},\"image\":{\"@id\":\"https:\/\/kolleranna.hu\/#\/schema\/logo\/image\/\"}}]}<\/script>\n<!-- \/ Yoast SEO plugin. -->","yoast_head_json":{"title":"Szalon - kolleranna.hu","robots":{"index":"index","follow":"follow","max-snippet":"max-snippet:-1","max-image-preview":"max-image-preview:large","max-video-preview":"max-video-preview:-1"},"canonical":"https:\/\/kolleranna.hu\/?page_id=405","og_locale":"hu_HU","og_type":"article","og_title":"Szalon - kolleranna.hu","og_url":"https:\/\/kolleranna.hu\/?page_id=405","og_site_name":"kolleranna.hu","article_modified_time":"2025-10-15T09:38:49+00:00","og_image":[{"width":738,"height":922,"url":"https:\/\/kolleranna.hu\/wp-content\/uploads\/2025\/10\/6.jpg","type":"image\/jpeg"}],"twitter_card":"summary_large_image","twitter_misc":{"Becs\u00fclt olvas\u00e1si id\u0151":"1 perc"},"schema":{"@context":"https:\/\/schema.org","@graph":[{"@type":"WebPage","@id":"https:\/\/kolleranna.hu\/?page_id=405","url":"https:\/\/kolleranna.hu\/?page_id=405","name":"Szalon - kolleranna.hu","isPartOf":{"@id":"https:\/\/kolleranna.hu\/#website"},"primaryImageOfPage":{"@id":"https:\/\/kolleranna.hu\/?page_id=405#primaryimage"},"image":{"@id":"https:\/\/kolleranna.hu\/?page_id=405#primaryimage"},"thumbnailUrl":"https:\/\/kolleranna.hu\/wp-content\/uploads\/2025\/10\/6.jpg","datePublished":"2024-07-18T18:07:23+00:00","dateModified":"2025-10-15T09:38:49+00:00","breadcrumb":{"@id":"https:\/\/kolleranna.hu\/?page_id=405#breadcrumb"},"inLanguage":"hu","potentialAction":[{"@type":"ReadAction","target":["https:\/\/kolleranna.hu\/?page_id=405"]}]},{"@type":"ImageObject","inLanguage":"hu","@id":"https:\/\/kolleranna.hu\/?page_id=405#primaryimage","url":"https:\/\/kolleranna.hu\/wp-content\/uploads\/2025\/10\/6.jpg","contentUrl":"https:\/\/kolleranna.hu\/wp-content\/uploads\/2025\/10\/6.jpg","width":738,"height":922},{"@type":"BreadcrumbList","@id":"https:\/\/kolleranna.hu\/?page_id=405#breadcrumb","itemListElement":[{"@type":"ListItem","position":1,"name":"Kezd\u0151lap","item":"https:\/\/kolleranna.hu\/"},{"@type":"ListItem","position":2,"name":"Szalon"}]},{"@type":"WebSite","@id":"https:\/\/kolleranna.hu\/#website","url":"https:\/\/kolleranna.hu\/","name":"kolleranna.hu","description":"kozmetikus","publisher":{"@id":"https:\/\/kolleranna.hu\/#organization"},"potentialAction":[{"@type":"SearchAction","target":{"@type":"EntryPoint","urlTemplate":"https:\/\/kolleranna.hu\/?s={search_term_string}"},"query-input":{"@type":"PropertyValueSpecification","valueRequired":true,"valueName":"search_term_string"}}],"inLanguage":"hu"},{"@type":"Organization","@id":"https:\/\/kolleranna.hu\/#organization","name":"kolleranna","url":"https:\/\/kolleranna.hu\/","logo":{"@type":"ImageObject","inLanguage":"hu","@id":"https:\/\/kolleranna.hu\/#\/schema\/logo\/image\/","url":"https:\/\/kolleranna.hu\/wp-content\/uploads\/2024\/05\/cropped-Nevtelenlogo.png","contentUrl":"https:\/\/kolleranna.hu\/wp-content\/uploads\/2024\/05\/cropped-Nevtelenlogo.png","width":548,"height":129,"caption":"kolleranna"},"image":{"@id":"https:\/\/kolleranna.hu\/#\/schema\/logo\/image\/"}}]}},"_links":{"self":[{"href":"https:\/\/kolleranna.hu\/index.php?rest_route=\/wp\/v2\/pages\/405","targetHints":{"allow":["GET"]}}],"collection":[{"href":"https:\/\/kolleranna.hu\/index.php?rest_route=\/wp\/v2\/pages"}],"about":[{"href":"https:\/\/kolleranna.hu\/index.php?rest_route=\/wp\/v2\/types\/page"}],"author":[{"embeddable":true,"href":"https:\/\/kolleranna.hu\/index.php?rest_route=\/wp\/v2\/users\/1"}],"replies":[{"embeddable":true,"href":"https:\/\/kolleranna.hu\/index.php?rest_route=%2Fwp%2Fv2%2Fcomments&post=405"}],"version-history":[{"count":4,"href":"https:\/\/kolleranna.hu\/index.php?rest_route=\/wp\/v2\/pages\/405\/revisions"}],"predecessor-version":[{"id":571,"href":"https:\/\/kolleranna.hu\/index.php?rest_route=\/wp\/v2\/pages\/405\/revisions\/571"}],"wp:attachment":[{"href":"https:\/\/kolleranna.hu\/index.php?rest_route=%2Fwp%2Fv2%2Fmedia&parent=405"}],"curies":[{"name":"wp","href":"https:\/\/api.w.org\/{rel}","templated":true}]}}