{"id":46,"date":"2024-05-04T12:52:05","date_gmt":"2024-05-04T10:52:05","guid":{"rendered":"http:\/\/kolleranna.hu\/?page_id=46"},"modified":"2025-10-11T20:31:32","modified_gmt":"2025-10-11T18:31:32","slug":"arak","status":"publish","type":"page","link":"https:\/\/kolleranna.hu\/?page_id=46","title":{"rendered":"\u00c1RAK"},"content":{"rendered":"\n<figure class=\"wp-block-image size-large is-resized\"><img loading=\"lazy\" decoding=\"async\" width=\"724\" height=\"1024\" src=\"https:\/\/kolleranna.hu\/wp-content\/uploads\/2025\/10\/2-724x1024.png\" alt=\"\" class=\"wp-image-538\" style=\"width:726px;height:auto\" srcset=\"https:\/\/kolleranna.hu\/wp-content\/uploads\/2025\/10\/2-724x1024.png 724w, https:\/\/kolleranna.hu\/wp-content\/uploads\/2025\/10\/2-212x300.png 212w, https:\/\/kolleranna.hu\/wp-content\/uploads\/2025\/10\/2-768x1086.png 768w, https:\/\/kolleranna.hu\/wp-content\/uploads\/2025\/10\/2-1086x1536.png 1086w, https:\/\/kolleranna.hu\/wp-content\/uploads\/2025\/10\/2-1140x1612.png 1140w, https:\/\/kolleranna.hu\/wp-content\/uploads\/2025\/10\/2.png 1414w\" sizes=\"auto, (max-width: 724px) 100vw, 724px\" \/><\/figure>\n\n\n\n<p><\/p>\n\n\n\n<figure class=\"wp-block-image size-large\"><img loading=\"lazy\" decoding=\"async\" width=\"724\" height=\"1024\" src=\"https:\/\/kolleranna.hu\/wp-content\/uploads\/2025\/10\/1-724x1024.png\" alt=\"\" class=\"wp-image-539\" srcset=\"https:\/\/kolleranna.hu\/wp-content\/uploads\/2025\/10\/1-724x1024.png 724w, https:\/\/kolleranna.hu\/wp-content\/uploads\/2025\/10\/1-212x300.png 212w, https:\/\/kolleranna.hu\/wp-content\/uploads\/2025\/10\/1-768x1086.png 768w, https:\/\/kolleranna.hu\/wp-content\/uploads\/2025\/10\/1-1086x1536.png 1086w, https:\/\/kolleranna.hu\/wp-content\/uploads\/2025\/10\/1-1140x1612.png 1140w, https:\/\/kolleranna.hu\/wp-content\/uploads\/2025\/10\/1.png 1414w\" sizes=\"auto, (max-width: 724px) 100vw, 724px\" \/><\/figure>\n\n\n\n<p><\/p>\n\n\n\n<figure class=\"wp-block-image size-large\"><img loading=\"lazy\" decoding=\"async\" width=\"724\" height=\"1024\" src=\"https:\/\/kolleranna.hu\/wp-content\/uploads\/2025\/10\/3-724x1024.png\" alt=\"\" class=\"wp-image-537\" srcset=\"https:\/\/kolleranna.hu\/wp-content\/uploads\/2025\/10\/3-724x1024.png 724w, https:\/\/kolleranna.hu\/wp-content\/uploads\/2025\/10\/3-212x300.png 212w, https:\/\/kolleranna.hu\/wp-content\/uploads\/2025\/10\/3-768x1086.png 768w, https:\/\/kolleranna.hu\/wp-content\/uploads\/2025\/10\/3-1086x1536.png 1086w, https:\/\/kolleranna.hu\/wp-content\/uploads\/2025\/10\/3-1140x1612.png 1140w, https:\/\/kolleranna.hu\/wp-content\/uploads\/2025\/10\/3.png 1414w\" sizes=\"auto, (max-width: 724px) 100vw, 724px\" \/><\/figure>\n\n\n\n<p><\/p>\n\n\n\n<figure class=\"wp-block-image size-large is-resized\"><img loading=\"lazy\" decoding=\"async\" width=\"1414\" height=\"2000\" src=\"https:\/\/kolleranna.hu\/wp-content\/uploads\/2025\/10\/4-724x1024.png\" alt=\"\" class=\"wp-image-536\" style=\"width:725px;height:auto\" srcset=\"https:\/\/kolleranna.hu\/wp-content\/uploads\/2025\/10\/4-724x1024.png 724w, https:\/\/kolleranna.hu\/wp-content\/uploads\/2025\/10\/4-212x300.png 212w, https:\/\/kolleranna.hu\/wp-content\/uploads\/2025\/10\/4-768x1086.png 768w, https:\/\/kolleranna.hu\/wp-content\/uploads\/2025\/10\/4-1086x1536.png 1086w, https:\/\/kolleranna.hu\/wp-content\/uploads\/2025\/10\/4-1140x1612.png 1140w, https:\/\/kolleranna.hu\/wp-content\/uploads\/2025\/10\/4.png 1414w\" sizes=\"auto, (max-width: 1414px) 100vw, 1414px\" \/><\/figure>\n\n\n\n<p><\/p>\n\n\n\n<figure class=\"wp-block-image size-large\"><img loading=\"lazy\" decoding=\"async\" width=\"724\" height=\"1024\" src=\"https:\/\/kolleranna.hu\/wp-content\/uploads\/2025\/10\/5-724x1024.png\" alt=\"\" class=\"wp-image-535\" srcset=\"https:\/\/kolleranna.hu\/wp-content\/uploads\/2025\/10\/5-724x1024.png 724w, https:\/\/kolleranna.hu\/wp-content\/uploads\/2025\/10\/5-212x300.png 212w, https:\/\/kolleranna.hu\/wp-content\/uploads\/2025\/10\/5-768x1086.png 768w, https:\/\/kolleranna.hu\/wp-content\/uploads\/2025\/10\/5-1086x1536.png 1086w, https:\/\/kolleranna.hu\/wp-content\/uploads\/2025\/10\/5-1140x1612.png 1140w, https:\/\/kolleranna.hu\/wp-content\/uploads\/2025\/10\/5.png 1414w\" sizes=\"auto, (max-width: 724px) 100vw, 724px\" \/><\/figure>\n\n\n\n<p><\/p>\n\n\n\n<figure class=\"wp-block-image size-large\"><img loading=\"lazy\" decoding=\"async\" width=\"724\" height=\"1024\" src=\"https:\/\/kolleranna.hu\/wp-content\/uploads\/2025\/10\/6-724x1024.png\" alt=\"\" class=\"wp-image-534\" srcset=\"https:\/\/kolleranna.hu\/wp-content\/uploads\/2025\/10\/6-724x1024.png 724w, https:\/\/kolleranna.hu\/wp-content\/uploads\/2025\/10\/6-212x300.png 212w, https:\/\/kolleranna.hu\/wp-content\/uploads\/2025\/10\/6-768x1086.png 768w, https:\/\/kolleranna.hu\/wp-content\/uploads\/2025\/10\/6-1086x1536.png 1086w, https:\/\/kolleranna.hu\/wp-content\/uploads\/2025\/10\/6-1140x1612.png 1140w, https:\/\/kolleranna.hu\/wp-content\/uploads\/2025\/10\/6.png 1414w\" sizes=\"auto, (max-width: 724px) 100vw, 724px\" \/><\/figure>\n\n\n\n<p><\/p>\n\n\n\n<figure class=\"wp-block-image size-large\"><img loading=\"lazy\" decoding=\"async\" width=\"724\" height=\"1024\" src=\"https:\/\/kolleranna.hu\/wp-content\/uploads\/2025\/10\/duet-rf-arlista-724x1024.png\" alt=\"\" class=\"wp-image-540\" srcset=\"https:\/\/kolleranna.hu\/wp-content\/uploads\/2025\/10\/duet-rf-arlista-724x1024.png 724w, https:\/\/kolleranna.hu\/wp-content\/uploads\/2025\/10\/duet-rf-arlista-212x300.png 212w, https:\/\/kolleranna.hu\/wp-content\/uploads\/2025\/10\/duet-rf-arlista-768x1086.png 768w, https:\/\/kolleranna.hu\/wp-content\/uploads\/2025\/10\/duet-rf-arlista-1086x1536.png 1086w, https:\/\/kolleranna.hu\/wp-content\/uploads\/2025\/10\/duet-rf-arlista-1140x1612.png 1140w, https:\/\/kolleranna.hu\/wp-content\/uploads\/2025\/10\/duet-rf-arlista.png 1414w\" sizes=\"auto, (max-width: 724px) 100vw, 724px\" \/><\/figure>\n\n\n\n<p><\/p>\n\n\n\n<figure class=\"wp-block-image size-large\"><img loading=\"lazy\" decoding=\"async\" width=\"724\" height=\"1024\" src=\"https:\/\/kolleranna.hu\/wp-content\/uploads\/2025\/10\/7-724x1024.png\" alt=\"\" class=\"wp-image-533\" srcset=\"https:\/\/kolleranna.hu\/wp-content\/uploads\/2025\/10\/7-724x1024.png 724w, https:\/\/kolleranna.hu\/wp-content\/uploads\/2025\/10\/7-212x300.png 212w, https:\/\/kolleranna.hu\/wp-content\/uploads\/2025\/10\/7-768x1086.png 768w, https:\/\/kolleranna.hu\/wp-content\/uploads\/2025\/10\/7-1086x1536.png 1086w, https:\/\/kolleranna.hu\/wp-content\/uploads\/2025\/10\/7-1140x1612.png 1140w, https:\/\/kolleranna.hu\/wp-content\/uploads\/2025\/10\/7.png 1414w\" sizes=\"auto, (max-width: 724px) 100vw, 724px\" \/><\/figure>\n\n\n\n<p><\/p>\n\n\n\n<figure class=\"wp-block-image size-large is-resized\"><img loading=\"lazy\" decoding=\"async\" width=\"724\" height=\"1024\" src=\"https:\/\/kolleranna.hu\/wp-content\/uploads\/2025\/10\/8-724x1024.png\" alt=\"\" class=\"wp-image-531\" style=\"width:726px;height:auto\" srcset=\"https:\/\/kolleranna.hu\/wp-content\/uploads\/2025\/10\/8-724x1024.png 724w, https:\/\/kolleranna.hu\/wp-content\/uploads\/2025\/10\/8-212x300.png 212w, https:\/\/kolleranna.hu\/wp-content\/uploads\/2025\/10\/8-768x1086.png 768w, https:\/\/kolleranna.hu\/wp-content\/uploads\/2025\/10\/8-1086x1536.png 1086w, https:\/\/kolleranna.hu\/wp-content\/uploads\/2025\/10\/8-1140x1612.png 1140w, https:\/\/kolleranna.hu\/wp-content\/uploads\/2025\/10\/8.png 1414w\" sizes=\"auto, (max-width: 724px) 100vw, 724px\" \/><\/figure>\n\n\n\n<p>Az \u00e1rak visszavon\u00e1sig \u00e9rv\u00e9nyesek<\/p>\n","protected":false},"excerpt":{"rendered":"<p>Az \u00e1rak visszavon\u00e1sig \u00e9rv\u00e9nyesek<\/p>\n","protected":false},"author":1,"featured_media":0,"parent":0,"menu_order":0,"comment_status":"closed","ping_status":"closed","template":"","meta":{"footnotes":""},"class_list":["post-46","page","type-page","status-publish","hentry"],"yoast_head":"<!-- This site is optimized with the Yoast SEO plugin v23.9 - https:\/\/yoast.com\/wordpress\/plugins\/seo\/ -->\n<title>\u00c1RAK - kolleranna.hu<\/title>\n<meta name=\"robots\" content=\"index, follow, max-snippet:-1, max-image-preview:large, max-video-preview:-1\" \/>\n<link rel=\"canonical\" href=\"https:\/\/kolleranna.hu\/?page_id=46\" \/>\n<meta property=\"og:locale\" content=\"hu_HU\" \/>\n<meta property=\"og:type\" content=\"article\" \/>\n<meta property=\"og:title\" content=\"\u00c1RAK - kolleranna.hu\" \/>\n<meta property=\"og:description\" content=\"Az \u00e1rak visszavon\u00e1sig \u00e9rv\u00e9nyesek\" \/>\n<meta property=\"og:url\" content=\"https:\/\/kolleranna.hu\/?page_id=46\" \/>\n<meta property=\"og:site_name\" content=\"kolleranna.hu\" \/>\n<meta property=\"article:modified_time\" content=\"2025-10-11T18:31:32+00:00\" \/>\n<meta property=\"og:image\" content=\"https:\/\/kolleranna.hu\/wp-content\/uploads\/2025\/10\/2.png\" \/>\n\t<meta property=\"og:image:width\" content=\"1414\" \/>\n\t<meta property=\"og:image:height\" content=\"2000\" \/>\n\t<meta property=\"og:image:type\" content=\"image\/png\" \/>\n<meta name=\"twitter:card\" content=\"summary_large_image\" \/>\n<meta name=\"twitter:label1\" content=\"Becs\u00fclt olvas\u00e1si id\u0151\" \/>\n\t<meta name=\"twitter:data1\" content=\"2 perc\" \/>\n<script type=\"application\/ld+json\" class=\"yoast-schema-graph\">{\"@context\":\"https:\/\/schema.org\",\"@graph\":[{\"@type\":\"WebPage\",\"@id\":\"https:\/\/kolleranna.hu\/?page_id=46\",\"url\":\"https:\/\/kolleranna.hu\/?page_id=46\",\"name\":\"\u00c1RAK - kolleranna.hu\",\"isPartOf\":{\"@id\":\"https:\/\/kolleranna.hu\/#website\"},\"primaryImageOfPage\":{\"@id\":\"https:\/\/kolleranna.hu\/?page_id=46#primaryimage\"},\"image\":{\"@id\":\"https:\/\/kolleranna.hu\/?page_id=46#primaryimage\"},\"thumbnailUrl\":\"https:\/\/kolleranna.hu\/wp-content\/uploads\/2025\/10\/2-724x1024.png\",\"datePublished\":\"2024-05-04T10:52:05+00:00\",\"dateModified\":\"2025-10-11T18:31:32+00:00\",\"breadcrumb\":{\"@id\":\"https:\/\/kolleranna.hu\/?page_id=46#breadcrumb\"},\"inLanguage\":\"hu\",\"potentialAction\":[{\"@type\":\"ReadAction\",\"target\":[\"https:\/\/kolleranna.hu\/?page_id=46\"]}]},{\"@type\":\"ImageObject\",\"inLanguage\":\"hu\",\"@id\":\"https:\/\/kolleranna.hu\/?page_id=46#primaryimage\",\"url\":\"https:\/\/kolleranna.hu\/wp-content\/uploads\/2025\/10\/2.png\",\"contentUrl\":\"https:\/\/kolleranna.hu\/wp-content\/uploads\/2025\/10\/2.png\",\"width\":1414,\"height\":2000},{\"@type\":\"BreadcrumbList\",\"@id\":\"https:\/\/kolleranna.hu\/?page_id=46#breadcrumb\",\"itemListElement\":[{\"@type\":\"ListItem\",\"position\":1,\"name\":\"Kezd\u0151lap\",\"item\":\"https:\/\/kolleranna.hu\/\"},{\"@type\":\"ListItem\",\"position\":2,\"name\":\"\u00c1RAK\"}]},{\"@type\":\"WebSite\",\"@id\":\"https:\/\/kolleranna.hu\/#website\",\"url\":\"https:\/\/kolleranna.hu\/\",\"name\":\"kolleranna.hu\",\"description\":\"kozmetikus\",\"publisher\":{\"@id\":\"https:\/\/kolleranna.hu\/#organization\"},\"potentialAction\":[{\"@type\":\"SearchAction\",\"target\":{\"@type\":\"EntryPoint\",\"urlTemplate\":\"https:\/\/kolleranna.hu\/?s={search_term_string}\"},\"query-input\":{\"@type\":\"PropertyValueSpecification\",\"valueRequired\":true,\"valueName\":\"search_term_string\"}}],\"inLanguage\":\"hu\"},{\"@type\":\"Organization\",\"@id\":\"https:\/\/kolleranna.hu\/#organization\",\"name\":\"kolleranna\",\"url\":\"https:\/\/kolleranna.hu\/\",\"logo\":{\"@type\":\"ImageObject\",\"inLanguage\":\"hu\",\"@id\":\"https:\/\/kolleranna.hu\/#\/schema\/logo\/image\/\",\"url\":\"https:\/\/kolleranna.hu\/wp-content\/uploads\/2024\/05\/cropped-Nevtelenlogo.png\",\"contentUrl\":\"https:\/\/kolleranna.hu\/wp-content\/uploads\/2024\/05\/cropped-Nevtelenlogo.png\",\"width\":548,\"height\":129,\"caption\":\"kolleranna\"},\"image\":{\"@id\":\"https:\/\/kolleranna.hu\/#\/schema\/logo\/image\/\"}}]}<\/script>\n<!-- \/ Yoast SEO plugin. -->","yoast_head_json":{"title":"\u00c1RAK - kolleranna.hu","robots":{"index":"index","follow":"follow","max-snippet":"max-snippet:-1","max-image-preview":"max-image-preview:large","max-video-preview":"max-video-preview:-1"},"canonical":"https:\/\/kolleranna.hu\/?page_id=46","og_locale":"hu_HU","og_type":"article","og_title":"\u00c1RAK - kolleranna.hu","og_description":"Az \u00e1rak visszavon\u00e1sig \u00e9rv\u00e9nyesek","og_url":"https:\/\/kolleranna.hu\/?page_id=46","og_site_name":"kolleranna.hu","article_modified_time":"2025-10-11T18:31:32+00:00","og_image":[{"width":1414,"height":2000,"url":"https:\/\/kolleranna.hu\/wp-content\/uploads\/2025\/10\/2.png","type":"image\/png"}],"twitter_card":"summary_large_image","twitter_misc":{"Becs\u00fclt olvas\u00e1si id\u0151":"2 perc"},"schema":{"@context":"https:\/\/schema.org","@graph":[{"@type":"WebPage","@id":"https:\/\/kolleranna.hu\/?page_id=46","url":"https:\/\/kolleranna.hu\/?page_id=46","name":"\u00c1RAK - kolleranna.hu","isPartOf":{"@id":"https:\/\/kolleranna.hu\/#website"},"primaryImageOfPage":{"@id":"https:\/\/kolleranna.hu\/?page_id=46#primaryimage"},"image":{"@id":"https:\/\/kolleranna.hu\/?page_id=46#primaryimage"},"thumbnailUrl":"https:\/\/kolleranna.hu\/wp-content\/uploads\/2025\/10\/2-724x1024.png","datePublished":"2024-05-04T10:52:05+00:00","dateModified":"2025-10-11T18:31:32+00:00","breadcrumb":{"@id":"https:\/\/kolleranna.hu\/?page_id=46#breadcrumb"},"inLanguage":"hu","potentialAction":[{"@type":"ReadAction","target":["https:\/\/kolleranna.hu\/?page_id=46"]}]},{"@type":"ImageObject","inLanguage":"hu","@id":"https:\/\/kolleranna.hu\/?page_id=46#primaryimage","url":"https:\/\/kolleranna.hu\/wp-content\/uploads\/2025\/10\/2.png","contentUrl":"https:\/\/kolleranna.hu\/wp-content\/uploads\/2025\/10\/2.png","width":1414,"height":2000},{"@type":"BreadcrumbList","@id":"https:\/\/kolleranna.hu\/?page_id=46#breadcrumb","itemListElement":[{"@type":"ListItem","position":1,"name":"Kezd\u0151lap","item":"https:\/\/kolleranna.hu\/"},{"@type":"ListItem","position":2,"name":"\u00c1RAK"}]},{"@type":"WebSite","@id":"https:\/\/kolleranna.hu\/#website","url":"https:\/\/kolleranna.hu\/","name":"kolleranna.hu","description":"kozmetikus","publisher":{"@id":"https:\/\/kolleranna.hu\/#organization"},"potentialAction":[{"@type":"SearchAction","target":{"@type":"EntryPoint","urlTemplate":"https:\/\/kolleranna.hu\/?s={search_term_string}"},"query-input":{"@type":"PropertyValueSpecification","valueRequired":true,"valueName":"search_term_string"}}],"inLanguage":"hu"},{"@type":"Organization","@id":"https:\/\/kolleranna.hu\/#organization","name":"kolleranna","url":"https:\/\/kolleranna.hu\/","logo":{"@type":"ImageObject","inLanguage":"hu","@id":"https:\/\/kolleranna.hu\/#\/schema\/logo\/image\/","url":"https:\/\/kolleranna.hu\/wp-content\/uploads\/2024\/05\/cropped-Nevtelenlogo.png","contentUrl":"https:\/\/kolleranna.hu\/wp-content\/uploads\/2024\/05\/cropped-Nevtelenlogo.png","width":548,"height":129,"caption":"kolleranna"},"image":{"@id":"https:\/\/kolleranna.hu\/#\/schema\/logo\/image\/"}}]}},"_links":{"self":[{"href":"https:\/\/kolleranna.hu\/index.php?rest_route=\/wp\/v2\/pages\/46","targetHints":{"allow":["GET"]}}],"collection":[{"href":"https:\/\/kolleranna.hu\/index.php?rest_route=\/wp\/v2\/pages"}],"about":[{"href":"https:\/\/kolleranna.hu\/index.php?rest_route=\/wp\/v2\/types\/page"}],"author":[{"embeddable":true,"href":"https:\/\/kolleranna.hu\/index.php?rest_route=\/wp\/v2\/users\/1"}],"replies":[{"embeddable":true,"href":"https:\/\/kolleranna.hu\/index.php?rest_route=%2Fwp%2Fv2%2Fcomments&post=46"}],"version-history":[{"count":26,"href":"https:\/\/kolleranna.hu\/index.php?rest_route=\/wp\/v2\/pages\/46\/revisions"}],"predecessor-version":[{"id":544,"href":"https:\/\/kolleranna.hu\/index.php?rest_route=\/wp\/v2\/pages\/46\/revisions\/544"}],"wp:attachment":[{"href":"https:\/\/kolleranna.hu\/index.php?rest_route=%2Fwp%2Fv2%2Fmedia&parent=46"}],"curies":[{"name":"wp","href":"https:\/\/api.w.org\/{rel}","templated":true}]}}