{"id":47,"date":"2024-05-04T12:52:05","date_gmt":"2024-05-04T10:52:05","guid":{"rendered":"http:\/\/kolleranna.hu\/?page_id=47"},"modified":"2025-10-15T11:43:00","modified_gmt":"2025-10-15T09:43:00","slug":"galeria","status":"publish","type":"page","link":"https:\/\/kolleranna.hu\/?page_id=47","title":{"rendered":"Gal\u00e9ria"},"content":{"rendered":"\n<figure class=\"wp-block-image size-full\"><img loading=\"lazy\" decoding=\"async\" width=\"738\" height=\"922\" src=\"https:\/\/kolleranna.hu\/wp-content\/uploads\/2025\/10\/1-1.jpg\" alt=\"\" class=\"wp-image-574\" srcset=\"https:\/\/kolleranna.hu\/wp-content\/uploads\/2025\/10\/1-1.jpg 738w, https:\/\/kolleranna.hu\/wp-content\/uploads\/2025\/10\/1-1-240x300.jpg 240w\" sizes=\"auto, (max-width: 738px) 100vw, 738px\" \/><\/figure>\n\n\n\n<p><\/p>\n\n\n\n<figure class=\"wp-block-image size-large is-resized\"><img loading=\"lazy\" decoding=\"async\" width=\"1018\" height=\"1024\" src=\"https:\/\/kolleranna.hu\/wp-content\/uploads\/2024\/11\/Screenshot_20241017_184251_Chrome-1018x1024.jpg\" alt=\"\" class=\"wp-image-468\" style=\"width:628px;height:auto\" srcset=\"https:\/\/kolleranna.hu\/wp-content\/uploads\/2024\/11\/Screenshot_20241017_184251_Chrome-1018x1024.jpg 1018w, https:\/\/kolleranna.hu\/wp-content\/uploads\/2024\/11\/Screenshot_20241017_184251_Chrome-298x300.jpg 298w, https:\/\/kolleranna.hu\/wp-content\/uploads\/2024\/11\/Screenshot_20241017_184251_Chrome-150x150.jpg 150w, https:\/\/kolleranna.hu\/wp-content\/uploads\/2024\/11\/Screenshot_20241017_184251_Chrome-768x772.jpg 768w, https:\/\/kolleranna.hu\/wp-content\/uploads\/2024\/11\/Screenshot_20241017_184251_Chrome-1528x1536.jpg 1528w, https:\/\/kolleranna.hu\/wp-content\/uploads\/2024\/11\/Screenshot_20241017_184251_Chrome-2037x2048.jpg 2037w, https:\/\/kolleranna.hu\/wp-content\/uploads\/2024\/11\/Screenshot_20241017_184251_Chrome-1140x1146.jpg 1140w, https:\/\/kolleranna.hu\/wp-content\/uploads\/2024\/11\/Screenshot_20241017_184251_Chrome-75x75.jpg 75w\" sizes=\"auto, (max-width: 1018px) 100vw, 1018px\" \/><\/figure>\n\n\n\n<figure class=\"wp-block-image size-full is-resized\"><img loading=\"lazy\" decoding=\"async\" width=\"738\" height=\"922\" src=\"https:\/\/kolleranna.hu\/wp-content\/uploads\/2025\/10\/9.jpg\" alt=\"\" class=\"wp-image-572\" style=\"width:688px;height:auto\" srcset=\"https:\/\/kolleranna.hu\/wp-content\/uploads\/2025\/10\/9.jpg 738w, https:\/\/kolleranna.hu\/wp-content\/uploads\/2025\/10\/9-240x300.jpg 240w\" sizes=\"auto, (max-width: 738px) 100vw, 738px\" \/><\/figure>\n\n\n\n<figure class=\"wp-block-image size-full is-resized\"><img loading=\"lazy\" decoding=\"async\" width=\"738\" height=\"922\" src=\"https:\/\/kolleranna.hu\/wp-content\/uploads\/2025\/10\/4-1.jpg\" alt=\"\" class=\"wp-image-559\" style=\"width:686px;height:auto\" srcset=\"https:\/\/kolleranna.hu\/wp-content\/uploads\/2025\/10\/4-1.jpg 738w, https:\/\/kolleranna.hu\/wp-content\/uploads\/2025\/10\/4-1-240x300.jpg 240w\" sizes=\"auto, (max-width: 738px) 100vw, 738px\" \/><\/figure>\n\n\n\n<figure class=\"wp-block-image size-large is-resized\"><img loading=\"lazy\" decoding=\"async\" width=\"768\" height=\"1024\" src=\"https:\/\/kolleranna.hu\/wp-content\/uploads\/2024\/11\/20241009_143712-768x1024.jpg\" alt=\"\" class=\"wp-image-469\" style=\"width:592px;height:auto\" srcset=\"https:\/\/kolleranna.hu\/wp-content\/uploads\/2024\/11\/20241009_143712-768x1024.jpg 768w, https:\/\/kolleranna.hu\/wp-content\/uploads\/2024\/11\/20241009_143712-225x300.jpg 225w, https:\/\/kolleranna.hu\/wp-content\/uploads\/2024\/11\/20241009_143712-1152x1536.jpg 1152w, https:\/\/kolleranna.hu\/wp-content\/uploads\/2024\/11\/20241009_143712-1536x2048.jpg 1536w, https:\/\/kolleranna.hu\/wp-content\/uploads\/2024\/11\/20241009_143712-1140x1520.jpg 1140w, https:\/\/kolleranna.hu\/wp-content\/uploads\/2024\/11\/20241009_143712-scaled.jpg 1920w\" sizes=\"auto, (max-width: 768px) 100vw, 768px\" \/><\/figure>\n\n\n\n<p><\/p>\n\n\n\n<figure class=\"wp-block-image size-full\"><img loading=\"lazy\" decoding=\"async\" width=\"738\" height=\"922\" src=\"https:\/\/kolleranna.hu\/wp-content\/uploads\/2025\/10\/5.jpg\" alt=\"\" class=\"wp-image-560\" srcset=\"https:\/\/kolleranna.hu\/wp-content\/uploads\/2025\/10\/5.jpg 738w, https:\/\/kolleranna.hu\/wp-content\/uploads\/2025\/10\/5-240x300.jpg 240w\" sizes=\"auto, (max-width: 738px) 100vw, 738px\" \/><\/figure>\n\n\n\n<p><\/p>\n\n\n\n<figure class=\"wp-block-image size-large is-resized\"><img loading=\"lazy\" decoding=\"async\" width=\"732\" height=\"1024\" src=\"https:\/\/kolleranna.hu\/wp-content\/uploads\/2024\/11\/20241123_151024-732x1024.jpg\" alt=\"\" class=\"wp-image-472\" style=\"width:631px;height:auto\" srcset=\"https:\/\/kolleranna.hu\/wp-content\/uploads\/2024\/11\/20241123_151024-732x1024.jpg 732w, https:\/\/kolleranna.hu\/wp-content\/uploads\/2024\/11\/20241123_151024-214x300.jpg 214w, https:\/\/kolleranna.hu\/wp-content\/uploads\/2024\/11\/20241123_151024-768x1075.jpg 768w, https:\/\/kolleranna.hu\/wp-content\/uploads\/2024\/11\/20241123_151024-1097x1536.jpg 1097w, https:\/\/kolleranna.hu\/wp-content\/uploads\/2024\/11\/20241123_151024-1463x2048.jpg 1463w, https:\/\/kolleranna.hu\/wp-content\/uploads\/2024\/11\/20241123_151024-1140x1596.jpg 1140w, https:\/\/kolleranna.hu\/wp-content\/uploads\/2024\/11\/20241123_151024-scaled.jpg 1829w\" sizes=\"auto, (max-width: 732px) 100vw, 732px\" \/><\/figure>\n\n\n\n<p><\/p>\n\n\n\n<figure class=\"wp-block-image size-large is-resized\"><img loading=\"lazy\" decoding=\"async\" width=\"788\" height=\"1024\" src=\"https:\/\/kolleranna.hu\/wp-content\/uploads\/2024\/06\/1000003985-788x1024.jpg\" alt=\"\" class=\"wp-image-361\" style=\"width:629px;height:auto\" srcset=\"https:\/\/kolleranna.hu\/wp-content\/uploads\/2024\/06\/1000003985-788x1024.jpg 788w, https:\/\/kolleranna.hu\/wp-content\/uploads\/2024\/06\/1000003985-231x300.jpg 231w, https:\/\/kolleranna.hu\/wp-content\/uploads\/2024\/06\/1000003985-768x998.jpg 768w, https:\/\/kolleranna.hu\/wp-content\/uploads\/2024\/06\/1000003985-1182x1536.jpg 1182w, https:\/\/kolleranna.hu\/wp-content\/uploads\/2024\/06\/1000003985-1576x2048.jpg 1576w, https:\/\/kolleranna.hu\/wp-content\/uploads\/2024\/06\/1000003985-1140x1481.jpg 1140w, https:\/\/kolleranna.hu\/wp-content\/uploads\/2024\/06\/1000003985.jpg 1790w\" sizes=\"auto, (max-width: 788px) 100vw, 788px\" \/><\/figure>\n\n\n\n<p><\/p>\n\n\n\n<figure class=\"wp-block-image size-large is-resized\"><img loading=\"lazy\" decoding=\"async\" width=\"768\" height=\"1024\" src=\"https:\/\/kolleranna.hu\/wp-content\/uploads\/2024\/06\/1000003954-768x1024.jpg\" alt=\"\" class=\"wp-image-363\" style=\"width:627px;height:auto\" srcset=\"https:\/\/kolleranna.hu\/wp-content\/uploads\/2024\/06\/1000003954-768x1024.jpg 768w, https:\/\/kolleranna.hu\/wp-content\/uploads\/2024\/06\/1000003954-225x300.jpg 225w, https:\/\/kolleranna.hu\/wp-content\/uploads\/2024\/06\/1000003954-1152x1536.jpg 1152w, https:\/\/kolleranna.hu\/wp-content\/uploads\/2024\/06\/1000003954-1536x2048.jpg 1536w, https:\/\/kolleranna.hu\/wp-content\/uploads\/2024\/06\/1000003954-1140x1520.jpg 1140w, https:\/\/kolleranna.hu\/wp-content\/uploads\/2024\/06\/1000003954-scaled.jpg 1920w\" sizes=\"auto, (max-width: 768px) 100vw, 768px\" \/><\/figure>\n\n\n\n<p><\/p>\n\n\n\n<figure class=\"wp-block-image size-full is-resized\"><img loading=\"lazy\" decoding=\"async\" width=\"698\" height=\"922\" src=\"https:\/\/kolleranna.hu\/wp-content\/uploads\/2024\/11\/1.jpg\" alt=\"\" class=\"wp-image-475\" style=\"width:626px;height:auto\" srcset=\"https:\/\/kolleranna.hu\/wp-content\/uploads\/2024\/11\/1.jpg 698w, https:\/\/kolleranna.hu\/wp-content\/uploads\/2024\/11\/1-227x300.jpg 227w\" sizes=\"auto, (max-width: 698px) 100vw, 698px\" \/><\/figure>\n","protected":false},"excerpt":{"rendered":"","protected":false},"author":1,"featured_media":0,"parent":0,"menu_order":0,"comment_status":"closed","ping_status":"closed","template":"","meta":{"footnotes":""},"class_list":["post-47","page","type-page","status-publish","hentry"],"yoast_head":"<!-- This site is optimized with the Yoast SEO plugin v23.9 - https:\/\/yoast.com\/wordpress\/plugins\/seo\/ -->\n<title>Gal\u00e9ria - kolleranna.hu<\/title>\n<meta name=\"robots\" content=\"index, follow, max-snippet:-1, max-image-preview:large, max-video-preview:-1\" \/>\n<link rel=\"canonical\" href=\"https:\/\/kolleranna.hu\/?page_id=47\" \/>\n<meta property=\"og:locale\" content=\"hu_HU\" \/>\n<meta property=\"og:type\" content=\"article\" \/>\n<meta property=\"og:title\" content=\"Gal\u00e9ria - kolleranna.hu\" \/>\n<meta property=\"og:url\" content=\"https:\/\/kolleranna.hu\/?page_id=47\" \/>\n<meta property=\"og:site_name\" content=\"kolleranna.hu\" \/>\n<meta property=\"article:modified_time\" content=\"2025-10-15T09:43:00+00:00\" \/>\n<meta property=\"og:image\" content=\"https:\/\/kolleranna.hu\/wp-content\/uploads\/2025\/10\/1-1.jpg\" \/>\n\t<meta property=\"og:image:width\" content=\"738\" \/>\n\t<meta property=\"og:image:height\" content=\"922\" \/>\n\t<meta property=\"og:image:type\" content=\"image\/jpeg\" \/>\n<meta name=\"twitter:card\" content=\"summary_large_image\" \/>\n<meta name=\"twitter:label1\" content=\"Becs\u00fclt olvas\u00e1si id\u0151\" \/>\n\t<meta name=\"twitter:data1\" content=\"2 perc\" \/>\n<script type=\"application\/ld+json\" class=\"yoast-schema-graph\">{\"@context\":\"https:\/\/schema.org\",\"@graph\":[{\"@type\":\"WebPage\",\"@id\":\"https:\/\/kolleranna.hu\/?page_id=47\",\"url\":\"https:\/\/kolleranna.hu\/?page_id=47\",\"name\":\"Gal\u00e9ria - kolleranna.hu\",\"isPartOf\":{\"@id\":\"https:\/\/kolleranna.hu\/#website\"},\"primaryImageOfPage\":{\"@id\":\"https:\/\/kolleranna.hu\/?page_id=47#primaryimage\"},\"image\":{\"@id\":\"https:\/\/kolleranna.hu\/?page_id=47#primaryimage\"},\"thumbnailUrl\":\"https:\/\/kolleranna.hu\/wp-content\/uploads\/2025\/10\/1-1.jpg\",\"datePublished\":\"2024-05-04T10:52:05+00:00\",\"dateModified\":\"2025-10-15T09:43:00+00:00\",\"breadcrumb\":{\"@id\":\"https:\/\/kolleranna.hu\/?page_id=47#breadcrumb\"},\"inLanguage\":\"hu\",\"potentialAction\":[{\"@type\":\"ReadAction\",\"target\":[\"https:\/\/kolleranna.hu\/?page_id=47\"]}]},{\"@type\":\"ImageObject\",\"inLanguage\":\"hu\",\"@id\":\"https:\/\/kolleranna.hu\/?page_id=47#primaryimage\",\"url\":\"https:\/\/kolleranna.hu\/wp-content\/uploads\/2025\/10\/1-1.jpg\",\"contentUrl\":\"https:\/\/kolleranna.hu\/wp-content\/uploads\/2025\/10\/1-1.jpg\",\"width\":738,\"height\":922},{\"@type\":\"BreadcrumbList\",\"@id\":\"https:\/\/kolleranna.hu\/?page_id=47#breadcrumb\",\"itemListElement\":[{\"@type\":\"ListItem\",\"position\":1,\"name\":\"Kezd\u0151lap\",\"item\":\"https:\/\/kolleranna.hu\/\"},{\"@type\":\"ListItem\",\"position\":2,\"name\":\"Gal\u00e9ria\"}]},{\"@type\":\"WebSite\",\"@id\":\"https:\/\/kolleranna.hu\/#website\",\"url\":\"https:\/\/kolleranna.hu\/\",\"name\":\"kolleranna.hu\",\"description\":\"kozmetikus\",\"publisher\":{\"@id\":\"https:\/\/kolleranna.hu\/#organization\"},\"potentialAction\":[{\"@type\":\"SearchAction\",\"target\":{\"@type\":\"EntryPoint\",\"urlTemplate\":\"https:\/\/kolleranna.hu\/?s={search_term_string}\"},\"query-input\":{\"@type\":\"PropertyValueSpecification\",\"valueRequired\":true,\"valueName\":\"search_term_string\"}}],\"inLanguage\":\"hu\"},{\"@type\":\"Organization\",\"@id\":\"https:\/\/kolleranna.hu\/#organization\",\"name\":\"kolleranna\",\"url\":\"https:\/\/kolleranna.hu\/\",\"logo\":{\"@type\":\"ImageObject\",\"inLanguage\":\"hu\",\"@id\":\"https:\/\/kolleranna.hu\/#\/schema\/logo\/image\/\",\"url\":\"https:\/\/kolleranna.hu\/wp-content\/uploads\/2024\/05\/cropped-Nevtelenlogo.png\",\"contentUrl\":\"https:\/\/kolleranna.hu\/wp-content\/uploads\/2024\/05\/cropped-Nevtelenlogo.png\",\"width\":548,\"height\":129,\"caption\":\"kolleranna\"},\"image\":{\"@id\":\"https:\/\/kolleranna.hu\/#\/schema\/logo\/image\/\"}}]}<\/script>\n<!-- \/ Yoast SEO plugin. -->","yoast_head_json":{"title":"Gal\u00e9ria - kolleranna.hu","robots":{"index":"index","follow":"follow","max-snippet":"max-snippet:-1","max-image-preview":"max-image-preview:large","max-video-preview":"max-video-preview:-1"},"canonical":"https:\/\/kolleranna.hu\/?page_id=47","og_locale":"hu_HU","og_type":"article","og_title":"Gal\u00e9ria - kolleranna.hu","og_url":"https:\/\/kolleranna.hu\/?page_id=47","og_site_name":"kolleranna.hu","article_modified_time":"2025-10-15T09:43:00+00:00","og_image":[{"width":738,"height":922,"url":"https:\/\/kolleranna.hu\/wp-content\/uploads\/2025\/10\/1-1.jpg","type":"image\/jpeg"}],"twitter_card":"summary_large_image","twitter_misc":{"Becs\u00fclt olvas\u00e1si id\u0151":"2 perc"},"schema":{"@context":"https:\/\/schema.org","@graph":[{"@type":"WebPage","@id":"https:\/\/kolleranna.hu\/?page_id=47","url":"https:\/\/kolleranna.hu\/?page_id=47","name":"Gal\u00e9ria - kolleranna.hu","isPartOf":{"@id":"https:\/\/kolleranna.hu\/#website"},"primaryImageOfPage":{"@id":"https:\/\/kolleranna.hu\/?page_id=47#primaryimage"},"image":{"@id":"https:\/\/kolleranna.hu\/?page_id=47#primaryimage"},"thumbnailUrl":"https:\/\/kolleranna.hu\/wp-content\/uploads\/2025\/10\/1-1.jpg","datePublished":"2024-05-04T10:52:05+00:00","dateModified":"2025-10-15T09:43:00+00:00","breadcrumb":{"@id":"https:\/\/kolleranna.hu\/?page_id=47#breadcrumb"},"inLanguage":"hu","potentialAction":[{"@type":"ReadAction","target":["https:\/\/kolleranna.hu\/?page_id=47"]}]},{"@type":"ImageObject","inLanguage":"hu","@id":"https:\/\/kolleranna.hu\/?page_id=47#primaryimage","url":"https:\/\/kolleranna.hu\/wp-content\/uploads\/2025\/10\/1-1.jpg","contentUrl":"https:\/\/kolleranna.hu\/wp-content\/uploads\/2025\/10\/1-1.jpg","width":738,"height":922},{"@type":"BreadcrumbList","@id":"https:\/\/kolleranna.hu\/?page_id=47#breadcrumb","itemListElement":[{"@type":"ListItem","position":1,"name":"Kezd\u0151lap","item":"https:\/\/kolleranna.hu\/"},{"@type":"ListItem","position":2,"name":"Gal\u00e9ria"}]},{"@type":"WebSite","@id":"https:\/\/kolleranna.hu\/#website","url":"https:\/\/kolleranna.hu\/","name":"kolleranna.hu","description":"kozmetikus","publisher":{"@id":"https:\/\/kolleranna.hu\/#organization"},"potentialAction":[{"@type":"SearchAction","target":{"@type":"EntryPoint","urlTemplate":"https:\/\/kolleranna.hu\/?s={search_term_string}"},"query-input":{"@type":"PropertyValueSpecification","valueRequired":true,"valueName":"search_term_string"}}],"inLanguage":"hu"},{"@type":"Organization","@id":"https:\/\/kolleranna.hu\/#organization","name":"kolleranna","url":"https:\/\/kolleranna.hu\/","logo":{"@type":"ImageObject","inLanguage":"hu","@id":"https:\/\/kolleranna.hu\/#\/schema\/logo\/image\/","url":"https:\/\/kolleranna.hu\/wp-content\/uploads\/2024\/05\/cropped-Nevtelenlogo.png","contentUrl":"https:\/\/kolleranna.hu\/wp-content\/uploads\/2024\/05\/cropped-Nevtelenlogo.png","width":548,"height":129,"caption":"kolleranna"},"image":{"@id":"https:\/\/kolleranna.hu\/#\/schema\/logo\/image\/"}}]}},"_links":{"self":[{"href":"https:\/\/kolleranna.hu\/index.php?rest_route=\/wp\/v2\/pages\/47","targetHints":{"allow":["GET"]}}],"collection":[{"href":"https:\/\/kolleranna.hu\/index.php?rest_route=\/wp\/v2\/pages"}],"about":[{"href":"https:\/\/kolleranna.hu\/index.php?rest_route=\/wp\/v2\/types\/page"}],"author":[{"embeddable":true,"href":"https:\/\/kolleranna.hu\/index.php?rest_route=\/wp\/v2\/users\/1"}],"replies":[{"embeddable":true,"href":"https:\/\/kolleranna.hu\/index.php?rest_route=%2Fwp%2Fv2%2Fcomments&post=47"}],"version-history":[{"count":11,"href":"https:\/\/kolleranna.hu\/index.php?rest_route=\/wp\/v2\/pages\/47\/revisions"}],"predecessor-version":[{"id":576,"href":"https:\/\/kolleranna.hu\/index.php?rest_route=\/wp\/v2\/pages\/47\/revisions\/576"}],"wp:attachment":[{"href":"https:\/\/kolleranna.hu\/index.php?rest_route=%2Fwp%2Fv2%2Fmedia&parent=47"}],"curies":[{"name":"wp","href":"https:\/\/api.w.org\/{rel}","templated":true}]}}