{"id":478,"date":"2024-11-30T22:18:00","date_gmt":"2024-11-30T21:18:00","guid":{"rendered":"https:\/\/kolleranna.hu\/?page_id=478"},"modified":"2024-11-30T23:18:55","modified_gmt":"2024-11-30T22:18:55","slug":"duet-rf-thermalis-es-frakcionalis-kezeles","status":"publish","type":"page","link":"https:\/\/kolleranna.hu\/?page_id=478","title":{"rendered":"Duet rf therm\u00e1lis \u00e9s frakcion\u00e1lis kezel\u00e9s"},"content":{"rendered":"\n<p><\/p>\n\n\n\n<figure class=\"wp-block-image size-full is-resized\"><img loading=\"lazy\" decoding=\"async\" width=\"519\" height=\"335\" src=\"https:\/\/kolleranna.hu\/wp-content\/uploads\/2024\/11\/EunSung-Duet-RF.png\" alt=\"\" class=\"wp-image-508\" style=\"width:683px;height:auto\" srcset=\"https:\/\/kolleranna.hu\/wp-content\/uploads\/2024\/11\/EunSung-Duet-RF.png 519w, https:\/\/kolleranna.hu\/wp-content\/uploads\/2024\/11\/EunSung-Duet-RF-300x194.png 300w\" sizes=\"auto, (max-width: 519px) 100vw, 519px\" \/><\/figure>\n\n\n\n<p><\/p>\n\n\n\n<p>Duet RF Thermage kezel\u00e9s<\/p>\n\n\n\n<p>Fels\u0151kateg\u00f3ri\u00e1s orvos-kozmetikai elj\u00e1r\u00e1s a feszes \u00e9s fiatalos b\u0151r\u00e9rt a r\u00e1ncok cs\u00f6kkent\u00e9s\u00e9\u00e9rt. Extra er\u0151s b\u0151rt\u00f6m\u00f6r\u00edt\u00e9s azonnali eredm\u00e9nnyel. A kezel\u00e9s rendk\u00edv\u00fcl k\u00edm\u00e9letesen , de hat\u00e9konyan fiatal\u00edtja meg a b\u0151rt. A pr\u00e9miumkateg\u00f3ri\u00e1s Eun Sung Duet rf g\u00e9p seg\u00edts\u00e9g\u00e9vel az orvosi l\u00e9zerekhez hasonl\u00f3 eredm\u00e9nyt \u00e9rhet\u00fcnk el. A r\u00e1di\u00f3frekvenci\u00e1s energia hat\u00e1s\u00e1ra, h\u0151hat\u00e1s keletkezik , mely a b\u0151r m\u00e9lyebb r\u00e9tegeiben is kifejti hat\u00e1s\u00e1t. <\/p>\n\n\n\n<p>A kezel\u00e9s r\u00f6vidt\u00e1v\u00fa eredm\u00e9nyek\u00e9nt a kollag\u00e9nrostok \u00f6sszeh\u00faz\u00f3dnak, \u00edgy a b\u0151rfeszes\u00edt\u0151 hat\u00e1s azonnal jelentkezik. Hosszabb t\u00e1von a term\u00e1lis r\u00e1di\u00f3frekvencia el\u0151seg\u00edti a hossz\u00fat\u00e1v\u00fa kollag\u00e9ntermel\u00e9st, stimul\u00e1lja a fibroblaszt sejteket mely n\u00e9lk\u00fcl\u00f6zhetetlen a fiatalos arcb\u0151r el\u00e9r\u00e9s\u00e9hez.<\/p>\n\n\n\n<p>Alkalmaz\u00e1sa:<\/p>\n\n\n\n<ul class=\"wp-block-list\">\n<li>Teljesk\u00f6r\u0171 rejuven\u00e1ci\u00f3<\/li>\n\n\n\n<li>R\u00e1nccs\u00f6kkent\u00e9s<\/li>\n\n\n\n<li>Lifting \u00e9s contouring<\/li>\n\n\n\n<li>Az egyik leghat\u00e9konyabb arcfeszes\u00edt\u0151 elj\u00e1r\u00e1s<\/li>\n\n\n\n<li>B\u0151r text\u00far\u00e1j\u00e1nak jav\u00edt\u00e1sa<\/li>\n\n\n\n<li>Szemh\u00e9j feszes\u00edt\u00e9s<\/li>\n\n\n\n<li>Szem\u00f6ld\u00f6k emel\u00e9s<\/li>\n\n\n\n<li>B\u0151r t\u00f3nus\u00e1nak jav\u00edt\u00e1sa<\/li>\n<\/ul>\n\n\n\n<p>A k\u00edv\u00e1nt hat\u00e1s el\u00e9r\u00e9s\u00e9hez 3-4 kezel\u00e9s aj\u00e1nlott, heti egy alkalommal, ut\u00e1na havi egy fenntart\u00f3 kezel\u00e9s aj\u00e1nlott. M\u00e1r egy kezel\u00e9s is nagyon l\u00e1tv\u00e1nyos eredm\u00e9nyt hoz. A kezel\u00e9s minden b\u0151rt\u00edpuson alkalmazhat\u00f3. Eg\u00e9sz \u00e9vben v\u00e9gezhet\u0151.<\/p>\n\n\n\n<p>Kezel\u00e9s menete:<\/p>\n\n\n\n<p>Letiszt\u00edt\u00e1s, enzim peeling, Term\u00e1lis kezel\u00e9s, nyugtat\u00f3 f\u00e1tyol maszk, befejez\u0151 kr\u00e9m. A kezel\u00e9s ig\u00e9ny szerint Carbon peeling kezel\u00e9ssel kieg\u00e9sz\u00edthet\u0151.<\/p>\n\n\n\n<p>Kezel\u00e9s ideje : 60 perc<\/p>\n\n\n\n<p>\u00c1ra: <\/p>\n\n\n\n<p>Teljes arc: 45.000.-<\/p>\n\n\n\n<p>Teljes arc+ carbon peeling: 55.000.-<\/p>\n\n\n\n<figure class=\"wp-block-image size-full\"><img loading=\"lazy\" decoding=\"async\" width=\"219\" height=\"230\" src=\"https:\/\/kolleranna.hu\/wp-content\/uploads\/2024\/11\/download.jpg\" alt=\"\" class=\"wp-image-509\"\/><\/figure>\n\n\n\n<p><\/p>\n\n\n\n<figure class=\"wp-block-image size-full is-resized\"><img loading=\"lazy\" decoding=\"async\" width=\"332\" height=\"717\" src=\"https:\/\/kolleranna.hu\/wp-content\/uploads\/2024\/11\/duet-RF-kezelogep.jpg\" alt=\"\" class=\"wp-image-479\" style=\"width:296px;height:auto\" srcset=\"https:\/\/kolleranna.hu\/wp-content\/uploads\/2024\/11\/duet-RF-kezelogep.jpg 332w, https:\/\/kolleranna.hu\/wp-content\/uploads\/2024\/11\/duet-RF-kezelogep-139x300.jpg 139w\" sizes=\"auto, (max-width: 332px) 100vw, 332px\" \/><\/figure>\n","protected":false},"excerpt":{"rendered":"<p>Duet RF Thermage kezel\u00e9s Fels\u0151kateg\u00f3ri\u00e1s orvos-kozmetikai elj\u00e1r\u00e1s a feszes \u00e9s fiatalos b\u0151r\u00e9rt a r\u00e1ncok cs\u00f6kkent\u00e9s\u00e9\u00e9rt. Extra er\u0151s b\u0151rt\u00f6m\u00f6r\u00edt\u00e9s azonnali eredm\u00e9nnyel. A kezel\u00e9s rendk\u00edv\u00fcl k\u00edm\u00e9letesen , de hat\u00e9konyan fiatal\u00edtja meg a b\u0151rt. A pr\u00e9miumkateg\u00f3ri\u00e1s Eun Sung Duet rf g\u00e9p seg\u00edts\u00e9g\u00e9vel az orvosi l\u00e9zerekhez hasonl\u00f3 eredm\u00e9nyt \u00e9rhet\u00fcnk el. A r\u00e1di\u00f3frekvenci\u00e1s energia hat\u00e1s\u00e1ra, h\u0151hat\u00e1s keletkezik , mely a b\u0151r m\u00e9lyebb r\u00e9tegeiben is kifejti hat\u00e1s\u00e1t. A kezel\u00e9s r\u00f6vidt\u00e1v\u00fa eredm\u00e9nyek\u00e9nt a kollag\u00e9nrostok \u00f6sszeh\u00faz\u00f3dnak, \u00edgy a b\u0151rfeszes\u00edt\u0151 hat\u00e1s azonnal jelentkezik. Hosszabb t\u00e1von a term\u00e1lis r\u00e1di\u00f3frekvencia el\u0151seg\u00edti a hossz\u00fat\u00e1v\u00fa kollag\u00e9ntermel\u00e9st, stimul\u00e1lja a fibroblaszt sejteket mely n\u00e9lk\u00fcl\u00f6zhetetlen a fiatalos arcb\u0151r el\u00e9r\u00e9s\u00e9hez. Alkalmaz\u00e1sa: A k\u00edv\u00e1nt hat\u00e1s el\u00e9r\u00e9s\u00e9hez 3-4 kezel\u00e9s aj\u00e1nlott, heti egy alkalommal, ut\u00e1na havi egy fenntart\u00f3 kezel\u00e9s aj\u00e1nlott. M\u00e1r egy kezel\u00e9s is nagyon l\u00e1tv\u00e1nyos eredm\u00e9nyt hoz. A kezel\u00e9s minden b\u0151rt\u00edpuson alkalmazhat\u00f3. Eg\u00e9sz \u00e9vben v\u00e9gezhet\u0151. Kezel\u00e9s menete: Letiszt\u00edt\u00e1s, enzim peeling, Term\u00e1lis kezel\u00e9s, nyugtat\u00f3 f\u00e1tyol maszk, befejez\u0151 kr\u00e9m. A kezel\u00e9s ig\u00e9ny szerint Carbon peeling kezel\u00e9ssel kieg\u00e9sz\u00edthet\u0151. Kezel\u00e9s ideje : 60 perc \u00c1ra: Teljes arc: 45.000.- Teljes arc+ carbon peeling: 55.000.-<\/p>\n","protected":false},"author":1,"featured_media":0,"parent":0,"menu_order":0,"comment_status":"closed","ping_status":"closed","template":"","meta":{"footnotes":""},"class_list":["post-478","page","type-page","status-publish","hentry"],"yoast_head":"<!-- This site is optimized with the Yoast SEO plugin v23.9 - https:\/\/yoast.com\/wordpress\/plugins\/seo\/ -->\n<title>Duet rf therm\u00e1lis \u00e9s frakcion\u00e1lis kezel\u00e9s - kolleranna.hu<\/title>\n<meta name=\"robots\" content=\"index, follow, max-snippet:-1, max-image-preview:large, max-video-preview:-1\" \/>\n<link rel=\"canonical\" href=\"https:\/\/kolleranna.hu\/?page_id=478\" \/>\n<meta property=\"og:locale\" content=\"hu_HU\" \/>\n<meta property=\"og:type\" content=\"article\" \/>\n<meta property=\"og:title\" content=\"Duet rf therm\u00e1lis \u00e9s frakcion\u00e1lis kezel\u00e9s - kolleranna.hu\" \/>\n<meta property=\"og:description\" content=\"Duet RF Thermage kezel\u00e9s Fels\u0151kateg\u00f3ri\u00e1s orvos-kozmetikai elj\u00e1r\u00e1s a feszes \u00e9s fiatalos b\u0151r\u00e9rt a r\u00e1ncok cs\u00f6kkent\u00e9s\u00e9\u00e9rt. Extra er\u0151s b\u0151rt\u00f6m\u00f6r\u00edt\u00e9s azonnali eredm\u00e9nnyel. A kezel\u00e9s rendk\u00edv\u00fcl k\u00edm\u00e9letesen , de hat\u00e9konyan fiatal\u00edtja meg a b\u0151rt. A pr\u00e9miumkateg\u00f3ri\u00e1s Eun Sung Duet rf g\u00e9p seg\u00edts\u00e9g\u00e9vel az orvosi l\u00e9zerekhez hasonl\u00f3 eredm\u00e9nyt \u00e9rhet\u00fcnk el. A r\u00e1di\u00f3frekvenci\u00e1s energia hat\u00e1s\u00e1ra, h\u0151hat\u00e1s keletkezik , mely a b\u0151r m\u00e9lyebb r\u00e9tegeiben is kifejti hat\u00e1s\u00e1t. A kezel\u00e9s r\u00f6vidt\u00e1v\u00fa eredm\u00e9nyek\u00e9nt a kollag\u00e9nrostok \u00f6sszeh\u00faz\u00f3dnak, \u00edgy a b\u0151rfeszes\u00edt\u0151 hat\u00e1s azonnal jelentkezik. Hosszabb t\u00e1von a term\u00e1lis r\u00e1di\u00f3frekvencia el\u0151seg\u00edti a hossz\u00fat\u00e1v\u00fa kollag\u00e9ntermel\u00e9st, stimul\u00e1lja a fibroblaszt sejteket mely n\u00e9lk\u00fcl\u00f6zhetetlen a fiatalos arcb\u0151r el\u00e9r\u00e9s\u00e9hez. Alkalmaz\u00e1sa: A k\u00edv\u00e1nt hat\u00e1s el\u00e9r\u00e9s\u00e9hez 3-4 kezel\u00e9s aj\u00e1nlott, heti egy alkalommal, ut\u00e1na havi egy fenntart\u00f3 kezel\u00e9s aj\u00e1nlott. M\u00e1r egy kezel\u00e9s is nagyon l\u00e1tv\u00e1nyos eredm\u00e9nyt hoz. A kezel\u00e9s minden b\u0151rt\u00edpuson alkalmazhat\u00f3. Eg\u00e9sz \u00e9vben v\u00e9gezhet\u0151. Kezel\u00e9s menete: Letiszt\u00edt\u00e1s, enzim peeling, Term\u00e1lis kezel\u00e9s, nyugtat\u00f3 f\u00e1tyol maszk, befejez\u0151 kr\u00e9m. A kezel\u00e9s ig\u00e9ny szerint Carbon peeling kezel\u00e9ssel kieg\u00e9sz\u00edthet\u0151. Kezel\u00e9s ideje : 60 perc \u00c1ra: Teljes arc: 45.000.- Teljes arc+ carbon peeling: 55.000.-\" \/>\n<meta property=\"og:url\" content=\"https:\/\/kolleranna.hu\/?page_id=478\" \/>\n<meta property=\"og:site_name\" content=\"kolleranna.hu\" \/>\n<meta property=\"article:modified_time\" content=\"2024-11-30T22:18:55+00:00\" \/>\n<meta property=\"og:image\" content=\"https:\/\/kolleranna.hu\/wp-content\/uploads\/2024\/11\/EunSung-Duet-RF.png\" \/>\n<meta name=\"twitter:card\" content=\"summary_large_image\" \/>\n<meta name=\"twitter:label1\" content=\"Becs\u00fclt olvas\u00e1si id\u0151\" \/>\n\t<meta name=\"twitter:data1\" content=\"2 perc\" \/>\n<script type=\"application\/ld+json\" class=\"yoast-schema-graph\">{\"@context\":\"https:\/\/schema.org\",\"@graph\":[{\"@type\":\"WebPage\",\"@id\":\"https:\/\/kolleranna.hu\/?page_id=478\",\"url\":\"https:\/\/kolleranna.hu\/?page_id=478\",\"name\":\"Duet rf therm\u00e1lis \u00e9s frakcion\u00e1lis kezel\u00e9s - kolleranna.hu\",\"isPartOf\":{\"@id\":\"https:\/\/kolleranna.hu\/#website\"},\"primaryImageOfPage\":{\"@id\":\"https:\/\/kolleranna.hu\/?page_id=478#primaryimage\"},\"image\":{\"@id\":\"https:\/\/kolleranna.hu\/?page_id=478#primaryimage\"},\"thumbnailUrl\":\"https:\/\/kolleranna.hu\/wp-content\/uploads\/2024\/11\/EunSung-Duet-RF.png\",\"datePublished\":\"2024-11-30T21:18:00+00:00\",\"dateModified\":\"2024-11-30T22:18:55+00:00\",\"breadcrumb\":{\"@id\":\"https:\/\/kolleranna.hu\/?page_id=478#breadcrumb\"},\"inLanguage\":\"hu\",\"potentialAction\":[{\"@type\":\"ReadAction\",\"target\":[\"https:\/\/kolleranna.hu\/?page_id=478\"]}]},{\"@type\":\"ImageObject\",\"inLanguage\":\"hu\",\"@id\":\"https:\/\/kolleranna.hu\/?page_id=478#primaryimage\",\"url\":\"https:\/\/kolleranna.hu\/wp-content\/uploads\/2024\/11\/EunSung-Duet-RF.png\",\"contentUrl\":\"https:\/\/kolleranna.hu\/wp-content\/uploads\/2024\/11\/EunSung-Duet-RF.png\",\"width\":519,\"height\":335},{\"@type\":\"BreadcrumbList\",\"@id\":\"https:\/\/kolleranna.hu\/?page_id=478#breadcrumb\",\"itemListElement\":[{\"@type\":\"ListItem\",\"position\":1,\"name\":\"Kezd\u0151lap\",\"item\":\"https:\/\/kolleranna.hu\/\"},{\"@type\":\"ListItem\",\"position\":2,\"name\":\"Duet rf therm\u00e1lis \u00e9s frakcion\u00e1lis kezel\u00e9s\"}]},{\"@type\":\"WebSite\",\"@id\":\"https:\/\/kolleranna.hu\/#website\",\"url\":\"https:\/\/kolleranna.hu\/\",\"name\":\"kolleranna.hu\",\"description\":\"kozmetikus\",\"publisher\":{\"@id\":\"https:\/\/kolleranna.hu\/#organization\"},\"potentialAction\":[{\"@type\":\"SearchAction\",\"target\":{\"@type\":\"EntryPoint\",\"urlTemplate\":\"https:\/\/kolleranna.hu\/?s={search_term_string}\"},\"query-input\":{\"@type\":\"PropertyValueSpecification\",\"valueRequired\":true,\"valueName\":\"search_term_string\"}}],\"inLanguage\":\"hu\"},{\"@type\":\"Organization\",\"@id\":\"https:\/\/kolleranna.hu\/#organization\",\"name\":\"kolleranna\",\"url\":\"https:\/\/kolleranna.hu\/\",\"logo\":{\"@type\":\"ImageObject\",\"inLanguage\":\"hu\",\"@id\":\"https:\/\/kolleranna.hu\/#\/schema\/logo\/image\/\",\"url\":\"https:\/\/kolleranna.hu\/wp-content\/uploads\/2024\/05\/cropped-Nevtelenlogo.png\",\"contentUrl\":\"https:\/\/kolleranna.hu\/wp-content\/uploads\/2024\/05\/cropped-Nevtelenlogo.png\",\"width\":548,\"height\":129,\"caption\":\"kolleranna\"},\"image\":{\"@id\":\"https:\/\/kolleranna.hu\/#\/schema\/logo\/image\/\"}}]}<\/script>\n<!-- \/ Yoast SEO plugin. -->","yoast_head_json":{"title":"Duet rf therm\u00e1lis \u00e9s frakcion\u00e1lis kezel\u00e9s - kolleranna.hu","robots":{"index":"index","follow":"follow","max-snippet":"max-snippet:-1","max-image-preview":"max-image-preview:large","max-video-preview":"max-video-preview:-1"},"canonical":"https:\/\/kolleranna.hu\/?page_id=478","og_locale":"hu_HU","og_type":"article","og_title":"Duet rf therm\u00e1lis \u00e9s frakcion\u00e1lis kezel\u00e9s - kolleranna.hu","og_description":"Duet RF Thermage kezel\u00e9s Fels\u0151kateg\u00f3ri\u00e1s orvos-kozmetikai elj\u00e1r\u00e1s a feszes \u00e9s fiatalos b\u0151r\u00e9rt a r\u00e1ncok cs\u00f6kkent\u00e9s\u00e9\u00e9rt. Extra er\u0151s b\u0151rt\u00f6m\u00f6r\u00edt\u00e9s azonnali eredm\u00e9nnyel. A kezel\u00e9s rendk\u00edv\u00fcl k\u00edm\u00e9letesen , de hat\u00e9konyan fiatal\u00edtja meg a b\u0151rt. A pr\u00e9miumkateg\u00f3ri\u00e1s Eun Sung Duet rf g\u00e9p seg\u00edts\u00e9g\u00e9vel az orvosi l\u00e9zerekhez hasonl\u00f3 eredm\u00e9nyt \u00e9rhet\u00fcnk el. A r\u00e1di\u00f3frekvenci\u00e1s energia hat\u00e1s\u00e1ra, h\u0151hat\u00e1s keletkezik , mely a b\u0151r m\u00e9lyebb r\u00e9tegeiben is kifejti hat\u00e1s\u00e1t. A kezel\u00e9s r\u00f6vidt\u00e1v\u00fa eredm\u00e9nyek\u00e9nt a kollag\u00e9nrostok \u00f6sszeh\u00faz\u00f3dnak, \u00edgy a b\u0151rfeszes\u00edt\u0151 hat\u00e1s azonnal jelentkezik. Hosszabb t\u00e1von a term\u00e1lis r\u00e1di\u00f3frekvencia el\u0151seg\u00edti a hossz\u00fat\u00e1v\u00fa kollag\u00e9ntermel\u00e9st, stimul\u00e1lja a fibroblaszt sejteket mely n\u00e9lk\u00fcl\u00f6zhetetlen a fiatalos arcb\u0151r el\u00e9r\u00e9s\u00e9hez. Alkalmaz\u00e1sa: A k\u00edv\u00e1nt hat\u00e1s el\u00e9r\u00e9s\u00e9hez 3-4 kezel\u00e9s aj\u00e1nlott, heti egy alkalommal, ut\u00e1na havi egy fenntart\u00f3 kezel\u00e9s aj\u00e1nlott. M\u00e1r egy kezel\u00e9s is nagyon l\u00e1tv\u00e1nyos eredm\u00e9nyt hoz. A kezel\u00e9s minden b\u0151rt\u00edpuson alkalmazhat\u00f3. Eg\u00e9sz \u00e9vben v\u00e9gezhet\u0151. Kezel\u00e9s menete: Letiszt\u00edt\u00e1s, enzim peeling, Term\u00e1lis kezel\u00e9s, nyugtat\u00f3 f\u00e1tyol maszk, befejez\u0151 kr\u00e9m. A kezel\u00e9s ig\u00e9ny szerint Carbon peeling kezel\u00e9ssel kieg\u00e9sz\u00edthet\u0151. Kezel\u00e9s ideje : 60 perc \u00c1ra: Teljes arc: 45.000.- Teljes arc+ carbon peeling: 55.000.-","og_url":"https:\/\/kolleranna.hu\/?page_id=478","og_site_name":"kolleranna.hu","article_modified_time":"2024-11-30T22:18:55+00:00","og_image":[{"url":"https:\/\/kolleranna.hu\/wp-content\/uploads\/2024\/11\/EunSung-Duet-RF.png"}],"twitter_card":"summary_large_image","twitter_misc":{"Becs\u00fclt olvas\u00e1si id\u0151":"2 perc"},"schema":{"@context":"https:\/\/schema.org","@graph":[{"@type":"WebPage","@id":"https:\/\/kolleranna.hu\/?page_id=478","url":"https:\/\/kolleranna.hu\/?page_id=478","name":"Duet rf therm\u00e1lis \u00e9s frakcion\u00e1lis kezel\u00e9s - kolleranna.hu","isPartOf":{"@id":"https:\/\/kolleranna.hu\/#website"},"primaryImageOfPage":{"@id":"https:\/\/kolleranna.hu\/?page_id=478#primaryimage"},"image":{"@id":"https:\/\/kolleranna.hu\/?page_id=478#primaryimage"},"thumbnailUrl":"https:\/\/kolleranna.hu\/wp-content\/uploads\/2024\/11\/EunSung-Duet-RF.png","datePublished":"2024-11-30T21:18:00+00:00","dateModified":"2024-11-30T22:18:55+00:00","breadcrumb":{"@id":"https:\/\/kolleranna.hu\/?page_id=478#breadcrumb"},"inLanguage":"hu","potentialAction":[{"@type":"ReadAction","target":["https:\/\/kolleranna.hu\/?page_id=478"]}]},{"@type":"ImageObject","inLanguage":"hu","@id":"https:\/\/kolleranna.hu\/?page_id=478#primaryimage","url":"https:\/\/kolleranna.hu\/wp-content\/uploads\/2024\/11\/EunSung-Duet-RF.png","contentUrl":"https:\/\/kolleranna.hu\/wp-content\/uploads\/2024\/11\/EunSung-Duet-RF.png","width":519,"height":335},{"@type":"BreadcrumbList","@id":"https:\/\/kolleranna.hu\/?page_id=478#breadcrumb","itemListElement":[{"@type":"ListItem","position":1,"name":"Kezd\u0151lap","item":"https:\/\/kolleranna.hu\/"},{"@type":"ListItem","position":2,"name":"Duet rf therm\u00e1lis \u00e9s frakcion\u00e1lis kezel\u00e9s"}]},{"@type":"WebSite","@id":"https:\/\/kolleranna.hu\/#website","url":"https:\/\/kolleranna.hu\/","name":"kolleranna.hu","description":"kozmetikus","publisher":{"@id":"https:\/\/kolleranna.hu\/#organization"},"potentialAction":[{"@type":"SearchAction","target":{"@type":"EntryPoint","urlTemplate":"https:\/\/kolleranna.hu\/?s={search_term_string}"},"query-input":{"@type":"PropertyValueSpecification","valueRequired":true,"valueName":"search_term_string"}}],"inLanguage":"hu"},{"@type":"Organization","@id":"https:\/\/kolleranna.hu\/#organization","name":"kolleranna","url":"https:\/\/kolleranna.hu\/","logo":{"@type":"ImageObject","inLanguage":"hu","@id":"https:\/\/kolleranna.hu\/#\/schema\/logo\/image\/","url":"https:\/\/kolleranna.hu\/wp-content\/uploads\/2024\/05\/cropped-Nevtelenlogo.png","contentUrl":"https:\/\/kolleranna.hu\/wp-content\/uploads\/2024\/05\/cropped-Nevtelenlogo.png","width":548,"height":129,"caption":"kolleranna"},"image":{"@id":"https:\/\/kolleranna.hu\/#\/schema\/logo\/image\/"}}]}},"_links":{"self":[{"href":"https:\/\/kolleranna.hu\/index.php?rest_route=\/wp\/v2\/pages\/478","targetHints":{"allow":["GET"]}}],"collection":[{"href":"https:\/\/kolleranna.hu\/index.php?rest_route=\/wp\/v2\/pages"}],"about":[{"href":"https:\/\/kolleranna.hu\/index.php?rest_route=\/wp\/v2\/types\/page"}],"author":[{"embeddable":true,"href":"https:\/\/kolleranna.hu\/index.php?rest_route=\/wp\/v2\/users\/1"}],"replies":[{"embeddable":true,"href":"https:\/\/kolleranna.hu\/index.php?rest_route=%2Fwp%2Fv2%2Fcomments&post=478"}],"version-history":[{"count":7,"href":"https:\/\/kolleranna.hu\/index.php?rest_route=\/wp\/v2\/pages\/478\/revisions"}],"predecessor-version":[{"id":512,"href":"https:\/\/kolleranna.hu\/index.php?rest_route=\/wp\/v2\/pages\/478\/revisions\/512"}],"wp:attachment":[{"href":"https:\/\/kolleranna.hu\/index.php?rest_route=%2Fwp%2Fv2%2Fmedia&parent=478"}],"curies":[{"name":"wp","href":"https:\/\/api.w.org\/{rel}","templated":true}]}}