{"id":545,"date":"2025-10-11T20:33:19","date_gmt":"2025-10-11T18:33:19","guid":{"rendered":"https:\/\/kolleranna.hu\/?page_id=545"},"modified":"2025-10-15T12:09:18","modified_gmt":"2025-10-15T10:09:18","slug":"vintage-beauty-kezelesek","status":"publish","type":"page","link":"https:\/\/kolleranna.hu\/?page_id=545","title":{"rendered":"Vintage Beauty Kezel\u00e9sek"},"content":{"rendered":"\n<p>Kompromisszummentes sz\u00e9ps\u00e9g\u00e1pol\u00e1s, kifog\u00e1stalan min\u0151s\u00e9g, min\u0151s\u00edtett bio alapanyagok, szak\u00e9rtelem, \u00e9rt\u00e9kteremt\u00e9s.<\/p>\n\n\n\n<h3 class=\"wp-block-heading\">Ez a VINTAGE BEAUTY<\/h3>\n\n\n\n<p><\/p>\n\n\n\n<figure class=\"wp-block-image size-full is-resized\"><img loading=\"lazy\" decoding=\"async\" width=\"738\" height=\"922\" src=\"https:\/\/kolleranna.hu\/wp-content\/uploads\/2025\/10\/1.jpg\" alt=\"\" class=\"wp-image-563\" style=\"width:333px;height:auto\" srcset=\"https:\/\/kolleranna.hu\/wp-content\/uploads\/2025\/10\/1.jpg 738w, https:\/\/kolleranna.hu\/wp-content\/uploads\/2025\/10\/1-240x300.jpg 240w\" sizes=\"auto, (max-width: 738px) 100vw, 738px\" \/><\/figure>\n\n\n\n<p><\/p>\n\n\n\n<figure class=\"wp-block-image size-large is-resized\"><img loading=\"lazy\" decoding=\"async\" width=\"1024\" height=\"819\" src=\"https:\/\/kolleranna.hu\/wp-content\/uploads\/2025\/10\/8-1024x819.jpg\" alt=\"\" class=\"wp-image-564\" style=\"width:321px;height:auto\" srcset=\"https:\/\/kolleranna.hu\/wp-content\/uploads\/2025\/10\/8-1024x819.jpg 1024w, https:\/\/kolleranna.hu\/wp-content\/uploads\/2025\/10\/8-300x240.jpg 300w, https:\/\/kolleranna.hu\/wp-content\/uploads\/2025\/10\/8-768x614.jpg 768w, https:\/\/kolleranna.hu\/wp-content\/uploads\/2025\/10\/8-1140x912.jpg 1140w, https:\/\/kolleranna.hu\/wp-content\/uploads\/2025\/10\/8.jpg 1153w\" sizes=\"auto, (max-width: 1024px) 100vw, 1024px\" \/><\/figure>\n\n\n\n<figure class=\"wp-block-image size-large is-resized\"><img loading=\"lazy\" decoding=\"async\" width=\"1024\" height=\"819\" src=\"https:\/\/kolleranna.hu\/wp-content\/uploads\/2025\/10\/10-1024x819.jpg\" alt=\"\" class=\"wp-image-566\" style=\"width:314px;height:auto\" srcset=\"https:\/\/kolleranna.hu\/wp-content\/uploads\/2025\/10\/10-1024x819.jpg 1024w, https:\/\/kolleranna.hu\/wp-content\/uploads\/2025\/10\/10-300x240.jpg 300w, https:\/\/kolleranna.hu\/wp-content\/uploads\/2025\/10\/10-768x614.jpg 768w, https:\/\/kolleranna.hu\/wp-content\/uploads\/2025\/10\/10-1140x912.jpg 1140w, https:\/\/kolleranna.hu\/wp-content\/uploads\/2025\/10\/10.jpg 1153w\" sizes=\"auto, (max-width: 1024px) 100vw, 1024px\" \/><\/figure>\n\n\n\n<p><\/p>\n","protected":false},"excerpt":{"rendered":"<p>Kompromisszummentes sz\u00e9ps\u00e9g\u00e1pol\u00e1s, kifog\u00e1stalan min\u0151s\u00e9g, min\u0151s\u00edtett bio alapanyagok, szak\u00e9rtelem, \u00e9rt\u00e9kteremt\u00e9s. Ez a VINTAGE BEAUTY<\/p>\n","protected":false},"author":1,"featured_media":0,"parent":0,"menu_order":0,"comment_status":"closed","ping_status":"closed","template":"","meta":{"footnotes":""},"class_list":["post-545","page","type-page","status-publish","hentry"],"yoast_head":"<!-- This site is optimized with the Yoast SEO plugin v23.9 - https:\/\/yoast.com\/wordpress\/plugins\/seo\/ -->\n<title>Vintage Beauty Kezel\u00e9sek - kolleranna.hu<\/title>\n<meta name=\"robots\" content=\"index, follow, max-snippet:-1, max-image-preview:large, max-video-preview:-1\" \/>\n<link rel=\"canonical\" href=\"https:\/\/kolleranna.hu\/?page_id=545\" \/>\n<meta property=\"og:locale\" content=\"hu_HU\" \/>\n<meta property=\"og:type\" content=\"article\" \/>\n<meta property=\"og:title\" content=\"Vintage Beauty Kezel\u00e9sek - kolleranna.hu\" \/>\n<meta property=\"og:description\" content=\"Kompromisszummentes sz\u00e9ps\u00e9g\u00e1pol\u00e1s, kifog\u00e1stalan min\u0151s\u00e9g, min\u0151s\u00edtett bio alapanyagok, szak\u00e9rtelem, \u00e9rt\u00e9kteremt\u00e9s. Ez a VINTAGE BEAUTY\" \/>\n<meta property=\"og:url\" content=\"https:\/\/kolleranna.hu\/?page_id=545\" \/>\n<meta property=\"og:site_name\" content=\"kolleranna.hu\" \/>\n<meta property=\"article:modified_time\" content=\"2025-10-15T10:09:18+00:00\" \/>\n<meta property=\"og:image\" content=\"https:\/\/kolleranna.hu\/wp-content\/uploads\/2025\/10\/1.jpg\" \/>\n\t<meta property=\"og:image:width\" content=\"738\" \/>\n\t<meta property=\"og:image:height\" content=\"922\" \/>\n\t<meta property=\"og:image:type\" content=\"image\/jpeg\" \/>\n<meta name=\"twitter:card\" content=\"summary_large_image\" \/>\n<meta name=\"twitter:label1\" content=\"Becs\u00fclt olvas\u00e1si id\u0151\" \/>\n\t<meta name=\"twitter:data1\" content=\"1 perc\" \/>\n<script type=\"application\/ld+json\" class=\"yoast-schema-graph\">{\"@context\":\"https:\/\/schema.org\",\"@graph\":[{\"@type\":\"WebPage\",\"@id\":\"https:\/\/kolleranna.hu\/?page_id=545\",\"url\":\"https:\/\/kolleranna.hu\/?page_id=545\",\"name\":\"Vintage Beauty Kezel\u00e9sek - kolleranna.hu\",\"isPartOf\":{\"@id\":\"https:\/\/kolleranna.hu\/#website\"},\"primaryImageOfPage\":{\"@id\":\"https:\/\/kolleranna.hu\/?page_id=545#primaryimage\"},\"image\":{\"@id\":\"https:\/\/kolleranna.hu\/?page_id=545#primaryimage\"},\"thumbnailUrl\":\"https:\/\/kolleranna.hu\/wp-content\/uploads\/2025\/10\/1.jpg\",\"datePublished\":\"2025-10-11T18:33:19+00:00\",\"dateModified\":\"2025-10-15T10:09:18+00:00\",\"breadcrumb\":{\"@id\":\"https:\/\/kolleranna.hu\/?page_id=545#breadcrumb\"},\"inLanguage\":\"hu\",\"potentialAction\":[{\"@type\":\"ReadAction\",\"target\":[\"https:\/\/kolleranna.hu\/?page_id=545\"]}]},{\"@type\":\"ImageObject\",\"inLanguage\":\"hu\",\"@id\":\"https:\/\/kolleranna.hu\/?page_id=545#primaryimage\",\"url\":\"https:\/\/kolleranna.hu\/wp-content\/uploads\/2025\/10\/1.jpg\",\"contentUrl\":\"https:\/\/kolleranna.hu\/wp-content\/uploads\/2025\/10\/1.jpg\",\"width\":738,\"height\":922},{\"@type\":\"BreadcrumbList\",\"@id\":\"https:\/\/kolleranna.hu\/?page_id=545#breadcrumb\",\"itemListElement\":[{\"@type\":\"ListItem\",\"position\":1,\"name\":\"Kezd\u0151lap\",\"item\":\"https:\/\/kolleranna.hu\/\"},{\"@type\":\"ListItem\",\"position\":2,\"name\":\"Vintage Beauty Kezel\u00e9sek\"}]},{\"@type\":\"WebSite\",\"@id\":\"https:\/\/kolleranna.hu\/#website\",\"url\":\"https:\/\/kolleranna.hu\/\",\"name\":\"kolleranna.hu\",\"description\":\"kozmetikus\",\"publisher\":{\"@id\":\"https:\/\/kolleranna.hu\/#organization\"},\"potentialAction\":[{\"@type\":\"SearchAction\",\"target\":{\"@type\":\"EntryPoint\",\"urlTemplate\":\"https:\/\/kolleranna.hu\/?s={search_term_string}\"},\"query-input\":{\"@type\":\"PropertyValueSpecification\",\"valueRequired\":true,\"valueName\":\"search_term_string\"}}],\"inLanguage\":\"hu\"},{\"@type\":\"Organization\",\"@id\":\"https:\/\/kolleranna.hu\/#organization\",\"name\":\"kolleranna\",\"url\":\"https:\/\/kolleranna.hu\/\",\"logo\":{\"@type\":\"ImageObject\",\"inLanguage\":\"hu\",\"@id\":\"https:\/\/kolleranna.hu\/#\/schema\/logo\/image\/\",\"url\":\"https:\/\/kolleranna.hu\/wp-content\/uploads\/2024\/05\/cropped-Nevtelenlogo.png\",\"contentUrl\":\"https:\/\/kolleranna.hu\/wp-content\/uploads\/2024\/05\/cropped-Nevtelenlogo.png\",\"width\":548,\"height\":129,\"caption\":\"kolleranna\"},\"image\":{\"@id\":\"https:\/\/kolleranna.hu\/#\/schema\/logo\/image\/\"}}]}<\/script>\n<!-- \/ Yoast SEO plugin. -->","yoast_head_json":{"title":"Vintage Beauty Kezel\u00e9sek - kolleranna.hu","robots":{"index":"index","follow":"follow","max-snippet":"max-snippet:-1","max-image-preview":"max-image-preview:large","max-video-preview":"max-video-preview:-1"},"canonical":"https:\/\/kolleranna.hu\/?page_id=545","og_locale":"hu_HU","og_type":"article","og_title":"Vintage Beauty Kezel\u00e9sek - kolleranna.hu","og_description":"Kompromisszummentes sz\u00e9ps\u00e9g\u00e1pol\u00e1s, kifog\u00e1stalan min\u0151s\u00e9g, min\u0151s\u00edtett bio alapanyagok, szak\u00e9rtelem, \u00e9rt\u00e9kteremt\u00e9s. Ez a VINTAGE BEAUTY","og_url":"https:\/\/kolleranna.hu\/?page_id=545","og_site_name":"kolleranna.hu","article_modified_time":"2025-10-15T10:09:18+00:00","og_image":[{"width":738,"height":922,"url":"https:\/\/kolleranna.hu\/wp-content\/uploads\/2025\/10\/1.jpg","type":"image\/jpeg"}],"twitter_card":"summary_large_image","twitter_misc":{"Becs\u00fclt olvas\u00e1si id\u0151":"1 perc"},"schema":{"@context":"https:\/\/schema.org","@graph":[{"@type":"WebPage","@id":"https:\/\/kolleranna.hu\/?page_id=545","url":"https:\/\/kolleranna.hu\/?page_id=545","name":"Vintage Beauty Kezel\u00e9sek - kolleranna.hu","isPartOf":{"@id":"https:\/\/kolleranna.hu\/#website"},"primaryImageOfPage":{"@id":"https:\/\/kolleranna.hu\/?page_id=545#primaryimage"},"image":{"@id":"https:\/\/kolleranna.hu\/?page_id=545#primaryimage"},"thumbnailUrl":"https:\/\/kolleranna.hu\/wp-content\/uploads\/2025\/10\/1.jpg","datePublished":"2025-10-11T18:33:19+00:00","dateModified":"2025-10-15T10:09:18+00:00","breadcrumb":{"@id":"https:\/\/kolleranna.hu\/?page_id=545#breadcrumb"},"inLanguage":"hu","potentialAction":[{"@type":"ReadAction","target":["https:\/\/kolleranna.hu\/?page_id=545"]}]},{"@type":"ImageObject","inLanguage":"hu","@id":"https:\/\/kolleranna.hu\/?page_id=545#primaryimage","url":"https:\/\/kolleranna.hu\/wp-content\/uploads\/2025\/10\/1.jpg","contentUrl":"https:\/\/kolleranna.hu\/wp-content\/uploads\/2025\/10\/1.jpg","width":738,"height":922},{"@type":"BreadcrumbList","@id":"https:\/\/kolleranna.hu\/?page_id=545#breadcrumb","itemListElement":[{"@type":"ListItem","position":1,"name":"Kezd\u0151lap","item":"https:\/\/kolleranna.hu\/"},{"@type":"ListItem","position":2,"name":"Vintage Beauty Kezel\u00e9sek"}]},{"@type":"WebSite","@id":"https:\/\/kolleranna.hu\/#website","url":"https:\/\/kolleranna.hu\/","name":"kolleranna.hu","description":"kozmetikus","publisher":{"@id":"https:\/\/kolleranna.hu\/#organization"},"potentialAction":[{"@type":"SearchAction","target":{"@type":"EntryPoint","urlTemplate":"https:\/\/kolleranna.hu\/?s={search_term_string}"},"query-input":{"@type":"PropertyValueSpecification","valueRequired":true,"valueName":"search_term_string"}}],"inLanguage":"hu"},{"@type":"Organization","@id":"https:\/\/kolleranna.hu\/#organization","name":"kolleranna","url":"https:\/\/kolleranna.hu\/","logo":{"@type":"ImageObject","inLanguage":"hu","@id":"https:\/\/kolleranna.hu\/#\/schema\/logo\/image\/","url":"https:\/\/kolleranna.hu\/wp-content\/uploads\/2024\/05\/cropped-Nevtelenlogo.png","contentUrl":"https:\/\/kolleranna.hu\/wp-content\/uploads\/2024\/05\/cropped-Nevtelenlogo.png","width":548,"height":129,"caption":"kolleranna"},"image":{"@id":"https:\/\/kolleranna.hu\/#\/schema\/logo\/image\/"}}]}},"_links":{"self":[{"href":"https:\/\/kolleranna.hu\/index.php?rest_route=\/wp\/v2\/pages\/545","targetHints":{"allow":["GET"]}}],"collection":[{"href":"https:\/\/kolleranna.hu\/index.php?rest_route=\/wp\/v2\/pages"}],"about":[{"href":"https:\/\/kolleranna.hu\/index.php?rest_route=\/wp\/v2\/types\/page"}],"author":[{"embeddable":true,"href":"https:\/\/kolleranna.hu\/index.php?rest_route=\/wp\/v2\/users\/1"}],"replies":[{"embeddable":true,"href":"https:\/\/kolleranna.hu\/index.php?rest_route=%2Fwp%2Fv2%2Fcomments&post=545"}],"version-history":[{"count":4,"href":"https:\/\/kolleranna.hu\/index.php?rest_route=\/wp\/v2\/pages\/545\/revisions"}],"predecessor-version":[{"id":590,"href":"https:\/\/kolleranna.hu\/index.php?rest_route=\/wp\/v2\/pages\/545\/revisions\/590"}],"wp:attachment":[{"href":"https:\/\/kolleranna.hu\/index.php?rest_route=%2Fwp%2Fv2%2Fmedia&parent=545"}],"curies":[{"name":"wp","href":"https:\/\/api.w.org\/{rel}","templated":true}]}}